{"id":1738,"date":"2012-07-29T11:42:06","date_gmt":"2012-07-29T09:42:06","guid":{"rendered":"http:\/\/www.phusis.ch\/steve\/?page_id=1738"},"modified":"2023-03-05T14:38:36","modified_gmt":"2023-03-05T13:38:36","slug":"phusis-5-4","status":"publish","type":"page","link":"http:\/\/www.phusis.ch\/vins\/accueil\/vins\/phusis-5-2011\/phusis-5-4\/","title":{"rendered":"rouge oudain sensine 2011"},"content":{"rendered":"\t\t<div data-elementor-type=\"wp-page\" data-elementor-id=\"1738\" class=\"elementor elementor-1738\" data-elementor-post-type=\"page\">\n\t\t\t\t\t\t<section class=\"has_ma_el_bg_slider elementor-section elementor-top-section elementor-element elementor-element-4ae0aab6 elementor-section-boxed elementor-section-height-default elementor-section-height-default jltma-glass-effect-no\" data-id=\"4ae0aab6\" data-element_type=\"section\">\n\t\t\t\t\t\t<div class=\"elementor-container elementor-column-gap-default\">\n\t\t\t\t\t<div class=\"has_ma_el_bg_slider elementor-column elementor-col-100 elementor-top-column elementor-element elementor-element-6cdf878b jltma-glass-effect-no\" data-id=\"6cdf878b\" data-element_type=\"column\">\n\t\t\t<div class=\"elementor-widget-wrap elementor-element-populated\">\n\t\t\t\t\t\t<section class=\"has_ma_el_bg_slider elementor-section elementor-inner-section elementor-element elementor-element-280a5721 elementor-section-boxed elementor-section-height-default elementor-section-height-default jltma-glass-effect-no\" data-id=\"280a5721\" data-element_type=\"section\">\n\t\t\t\t\t\t<div class=\"elementor-container elementor-column-gap-default\">\n\t\t\t\t\t<div class=\"has_ma_el_bg_slider elementor-column elementor-col-33 elementor-inner-column elementor-element elementor-element-7d635038 jltma-glass-effect-no\" data-id=\"7d635038\" data-element_type=\"column\">\n\t\t\t<div class=\"elementor-widget-wrap elementor-element-populated\">\n\t\t\t\t\t\t<div class=\"elementor-element elementor-element-ba25d87 jltma-glass-effect-no elementor-widget elementor-widget-counter\" data-id=\"ba25d87\" data-element_type=\"widget\" data-widget_type=\"counter.default\">\n\t\t\t\t<div class=\"elementor-widget-container\">\n\t\t\t\t\t<div class=\"elementor-counter\">\n\t\t\t<div class=\"elementor-counter-title\">bouteilles<\/div>\t\t\t<div class=\"elementor-counter-number-wrapper\">\n\t\t\t\t<span class=\"elementor-counter-number-prefix\"><\/span>\n\t\t\t\t<span class=\"elementor-counter-number\" data-duration=\"2000\" data-to-value=\"453\" data-from-value=\"0\" data-delimiter=\",\">0<\/span>\n\t\t\t\t<span class=\"elementor-counter-number-suffix\"><\/span>\n\t\t\t<\/div>\n\t\t<\/div>\n\t\t\t\t<\/div>\n\t\t\t\t<\/div>\n\t\t\t\t<div class=\"elementor-element elementor-element-5cc0f111 jltma-glass-effect-no elementor-widget elementor-widget-text-editor\" data-id=\"5cc0f111\" data-element_type=\"widget\" data-widget_type=\"text-editor.default\">\n\t\t\t\t<div class=\"elementor-widget-container\">\n\t\t\t\t\t\t\t<p><strong>C\u00e9pages :<\/strong>\u00a0Gamay, Pinot Noir et Humagne Rouge<br \/><strong>D\u00e9gustation :<\/strong>\u00a016 \u00e0 18\u00b0C<br \/><strong>Long\u00e9vit\u00e9<\/strong><strong> :<\/strong> 2012-2016<br \/><strong>Prix :<\/strong>\u00a029.-\/bt (\u00e9puis\u00e9)<\/p><h4><strong>Origine<\/strong><\/h4><p>Cette cuv\u00e9e est issue de notre vigne de Sensine, \u00e0 Conthey, en Valais. Plus d\u2019informations concernant les vins PHUSIS<span style=\"color: #000000;\"> <strong><a style=\"color: #000000;\" href=\"https:\/\/www.phusis.ch\/steve\/les-vignes\/\">ici<\/a><\/strong><\/span>.<\/p><h4><span style=\"font-weight: bolder;\">Notes de d\u00e9gustation<\/span><\/h4><p>Robe brillante, rubis d\u2019intensit\u00e9 moyenne. Expressif, le nez \u00e9voque le graphite, le cachou, la framboise, une touche de bonbon aux fruits et de la poudre de cacao. En bouche, le corps se montre d\u2019entr\u00e9e plein, g\u00e9n\u00e9reux, gras. La l\u00e9g\u00e8re sensation de douceur du d\u00e9but d\u2019\u00e9volution fait place progressivement \u00e0 une belle vivacit\u00e9, des tannins pr\u00e9sents, peu anguleux et une finale aux notes de cerise en sirop et \u00e0 l\u2019eau-de-vie. G\u00e9n\u00e9reux, plein mais en m\u00eame temps tendu (juillet 2012).<\/p>\t\t\t\t\t\t<\/div>\n\t\t\t\t<\/div>\n\t\t\t\t\t<\/div>\n\t\t<\/div>\n\t\t\t\t<div class=\"has_ma_el_bg_slider elementor-column elementor-col-33 elementor-inner-column elementor-element elementor-element-209aaf9f jltma-glass-effect-no\" data-id=\"209aaf9f\" data-element_type=\"column\">\n\t\t\t<div class=\"elementor-widget-wrap elementor-element-populated\">\n\t\t\t\t\t\t<div class=\"elementor-element elementor-element-3a248d23 jltma-glass-effect-no elementor-widget elementor-widget-image\" data-id=\"3a248d23\" data-element_type=\"widget\" data-widget_type=\"image.default\">\n\t\t\t\t<div class=\"elementor-widget-container\">\n\t\t\t\t\t\t\t\t\t\t\t\t\t<img fetchpriority=\"high\" decoding=\"async\" width=\"688\" height=\"2640\" src=\"http:\/\/www.phusis.ch\/vins\/wp-content\/uploads\/2023\/02\/Bouteille-dessinee2.png\" class=\"attachment-full size-full wp-image-10155\" alt=\"\" srcset=\"http:\/\/www.phusis.ch\/vins\/wp-content\/uploads\/2023\/02\/Bouteille-dessinee2.png 688w, http:\/\/www.phusis.ch\/vins\/wp-content\/uploads\/2023\/02\/Bouteille-dessinee2-78x300.png 78w, http:\/\/www.phusis.ch\/vins\/wp-content\/uploads\/2023\/02\/Bouteille-dessinee2-267x1024.png 267w, http:\/\/www.phusis.ch\/vins\/wp-content\/uploads\/2023\/02\/Bouteille-dessinee2-400x1536.png 400w, http:\/\/www.phusis.ch\/vins\/wp-content\/uploads\/2023\/02\/Bouteille-dessinee2-534x2048.png 534w\" sizes=\"(max-width: 688px) 100vw, 688px\" \/>\t\t\t\t\t\t\t\t\t\t\t\t\t<\/div>\n\t\t\t\t<\/div>\n\t\t\t\t\t<\/div>\n\t\t<\/div>\n\t\t\t\t<div class=\"has_ma_el_bg_slider elementor-column elementor-col-33 elementor-inner-column elementor-element elementor-element-2af9fcfb jltma-glass-effect-no\" data-id=\"2af9fcfb\" data-element_type=\"column\">\n\t\t\t<div class=\"elementor-widget-wrap elementor-element-populated\">\n\t\t\t\t\t\t<div class=\"elementor-element elementor-element-3a322ad4 jltma-glass-effect-no elementor-widget elementor-widget-text-editor\" data-id=\"3a322ad4\" data-element_type=\"widget\" data-widget_type=\"text-editor.default\">\n\t\t\t\t<div class=\"elementor-widget-container\">\n\t\t\t\t\t\t\t<h4><span style=\"font-weight: bolder;\">Suggestions d&#8217;accords<\/span><\/h4><p style=\"font-family: 'Open Sans'; font-size: 15px; font-weight: 400;\">B\u0153uf \u00e0 la ficelle. Filet d\u2019agneau en cro\u00fbte d\u2019herbes de Provence. Lapin aux pruneaux.<\/p><h4>vendange et vinification<\/h4><p>Pour la seconde ann\u00e9e (et l\u2019avant derni\u00e8re car la vigne de Pinot et de Gamay sera arrach\u00e9e fin 2012), le Rouge de Sensine r\u00e9unit, sur le m\u00eame terroir et sur des parcelles qui se touchent, le Gamay, le Pinot Noir et l\u2019Humagne Rouge.<\/p><p>Les Pinot et Gamay sont r\u00e9colt\u00e9s le 8 septembre. La maturit\u00e9 est assez h\u00e9t\u00e9rog\u00e8ne dans la parcelle\u00a0: juste atteinte sur le haut, elle augmente plus on descend pour arriver, tout en bas, sur des raisins quasiment confits (cette partie a particuli\u00e8rement souffert de la s\u00e9cheresse). Dans l\u2019ensemble, le mo\u00fbt sonde 100 \u00b0Oe.<\/p><p>L\u2019Humagne Rouge est r\u00e9colt\u00e9e moins de deux semaines plus tard, le 16 septembre et son \u00e9tat sanitaire est parfait. Elle sonde 95 \u00b0Oe.<\/p><p>Environ 1\/3 de la vendange du Pinot et Gamay est mise dans la cuve tel quel (technique de la grappe enti\u00e8re). Le reste est \u00e9grapp\u00e9 mais non foul\u00e9. L\u2019Humagne Rouge est quand a elle totalement vinifi\u00e9e en grappe enti\u00e8re.<\/p><p>Compte tenu des grandes variations de maturit\u00e9 entre les grappes et afin de ne pas extraire des compos\u00e9s trop v\u00e9g\u00e9taux, un seul pigeage est effectu\u00e9 sur la cuve de Pinot et Gamay et le vin est tr\u00e8s vite d\u00e9cuv\u00e9 (exactement 10 jours apr\u00e8s les vendanges).<\/p><p>Quant \u00e0 l\u2019Humagne Rouge, elle suit une vinification plus classique, bien qu\u2019en grappes enti\u00e8res. Elle est d\u00e9cuv\u00e9e deux semaines et demi apr\u00e8s les vendanges. La proportion d&#8217;Humagne Rouge est\u00a0d\u2019un peu moins de 10%.<\/p><p>L\u2019\u00e9levage se fait sous bois\u00a0: un f\u00fbt ayant d\u00e9j\u00e0 contenu 3 vins et une feuillette de second passage.<\/p><p>La mise en bouteille est effectu\u00e9e sans filtration le 26 juin 2012.<\/p>\t\t\t\t\t\t<\/div>\n\t\t\t\t<\/div>\n\t\t\t\t\t<\/div>\n\t\t<\/div>\n\t\t\t\t\t<\/div>\n\t\t<\/section>\n\t\t\t\t\t<\/div>\n\t\t<\/div>\n\t\t\t\t\t<\/div>\n\t\t<\/section>\n\t\t\t\t<section class=\"has_ma_el_bg_slider elementor-section elementor-top-section elementor-element elementor-element-7f14adc elementor-section-boxed elementor-section-height-default elementor-section-height-default jltma-glass-effect-no\" data-id=\"7f14adc\" data-element_type=\"section\">\n\t\t\t\t\t\t<div class=\"elementor-container elementor-column-gap-default\">\n\t\t\t\t\t<div class=\"has_ma_el_bg_slider elementor-column elementor-col-100 elementor-top-column elementor-element elementor-element-c0c9900 jltma-glass-effect-no\" data-id=\"c0c9900\" data-element_type=\"column\">\n\t\t\t<div class=\"elementor-widget-wrap\">\n\t\t\t\t\t\t\t<\/div>\n\t\t<\/div>\n\t\t\t\t\t<\/div>\n\t\t<\/section>\n\t\t\t\t<\/div>\n\t\t\n\t\t\t<div style=\"clear: both; float: none;\" class=\"ratepost-clear\"><\/div>\n\t\t\t<div id=\"ratepost-1738\" class=\"ratepost\" rel=\"3\">\n\t\t\t\t\t<span class=\"rating3\"><div class=\"star1\" rel=\"1\"><\/div><div class=\"star2\" rel=\"2\"><\/div><div class=\"star3\" rel=\"3\"><\/div><div class=\"star4\" rel=\"4\"><\/div><div class=\"star5\" rel=\"5\"><\/div><\/span>\n\t\t\t\t<div class=\"status-info\"><\/div>\n\t\t<\/div><div style=\"clear: both; float: none;\" class=\"ratepost-clear\"><\/div>","protected":false},"excerpt":{"rendered":"<p>0 bouteilles C\u00e9pages :\u00a0Gamay, Pinot Noir et Humagne RougeD\u00e9gustation :\u00a016 \u00e0 18\u00b0CLong\u00e9vit\u00e9 : 2012-2016Prix :\u00a029.-\/bt (\u00e9puis\u00e9) Origine Cette cuv\u00e9e est issue de notre vigne de Sensine, \u00e0 Conthey, en Valais. Plus d\u2019informations concernant les vins PHUSIS ici. Notes de d\u00e9gustation Robe brillante, rubis d\u2019intensit\u00e9 moyenne. Expressif, le nez \u00e9voque le graphite, le cachou, la framboise, [&hellip;]<\/p>\n","protected":false},"author":3,"featured_media":404,"parent":1742,"menu_order":4,"comment_status":"open","ping_status":"closed","template":"elementor_theme","meta":{"_monsterinsights_skip_tracking":false,"_monsterinsights_sitenote_active":false,"_monsterinsights_sitenote_note":"","_monsterinsights_sitenote_category":0,"footnotes":""},"yoast_head":"<!-- This site is optimized with the Yoast SEO plugin v22.8 - https:\/\/yoast.com\/wordpress\/plugins\/seo\/ -->\n<title>rouge oudain sensine 2011 - PHUSIS<\/title>\n<meta name=\"robots\" content=\"index, follow, max-snippet:-1, max-image-preview:large, max-video-preview:-1\" \/>\n<link rel=\"canonical\" href=\"http:\/\/www.phusis.ch\/vins\/accueil\/vins\/phusis-5-2011\/phusis-5-4\/\" \/>\n<meta property=\"og:locale\" content=\"fr_FR\" \/>\n<meta property=\"og:type\" content=\"article\" \/>\n<meta property=\"og:title\" content=\"rouge oudain sensine 2011 - PHUSIS\" \/>\n<meta property=\"og:description\" content=\"0 bouteilles C\u00e9pages :\u00a0Gamay, Pinot Noir et Humagne RougeD\u00e9gustation :\u00a016 \u00e0 18\u00b0CLong\u00e9vit\u00e9 : 2012-2016Prix :\u00a029.-\/bt (\u00e9puis\u00e9) Origine Cette cuv\u00e9e est issue de notre vigne de Sensine, \u00e0 Conthey, en Valais. Plus d\u2019informations concernant les vins PHUSIS ici. Notes de d\u00e9gustation Robe brillante, rubis d\u2019intensit\u00e9 moyenne. Expressif, le nez \u00e9voque le graphite, le cachou, la framboise, [&hellip;]\" \/>\n<meta property=\"og:url\" content=\"http:\/\/www.phusis.ch\/vins\/accueil\/vins\/phusis-5-2011\/phusis-5-4\/\" \/>\n<meta property=\"og:site_name\" content=\"PHUSIS\" \/>\n<meta property=\"article:modified_time\" content=\"2023-03-05T13:38:36+00:00\" \/>\n<meta property=\"og:image\" content=\"http:\/\/www.phusis.ch\/vins\/wp-content\/uploads\/2010\/05\/bienvenue2.jpg\" \/>\n\t<meta property=\"og:image:width\" content=\"1200\" \/>\n\t<meta property=\"og:image:height\" content=\"1600\" \/>\n\t<meta property=\"og:image:type\" content=\"image\/jpeg\" \/>\n<meta name=\"twitter:card\" content=\"summary_large_image\" \/>\n<meta name=\"twitter:label1\" content=\"Dur\u00e9e de lecture estim\u00e9e\" \/>\n\t<meta name=\"twitter:data1\" content=\"3 minutes\" \/>\n<script type=\"application\/ld+json\" class=\"yoast-schema-graph\">{\"@context\":\"https:\/\/schema.org\",\"@graph\":[{\"@type\":\"WebPage\",\"@id\":\"http:\/\/www.phusis.ch\/vins\/accueil\/vins\/phusis-5-2011\/phusis-5-4\/\",\"url\":\"http:\/\/www.phusis.ch\/vins\/accueil\/vins\/phusis-5-2011\/phusis-5-4\/\",\"name\":\"rouge oudain sensine 2011 - PHUSIS\",\"isPartOf\":{\"@id\":\"https:\/\/www.phusis.ch\/vins\/#website\"},\"primaryImageOfPage\":{\"@id\":\"http:\/\/www.phusis.ch\/vins\/accueil\/vins\/phusis-5-2011\/phusis-5-4\/#primaryimage\"},\"image\":{\"@id\":\"http:\/\/www.phusis.ch\/vins\/accueil\/vins\/phusis-5-2011\/phusis-5-4\/#primaryimage\"},\"thumbnailUrl\":\"http:\/\/www.phusis.ch\/vins\/wp-content\/uploads\/2010\/05\/bienvenue2.jpg\",\"datePublished\":\"2012-07-29T09:42:06+00:00\",\"dateModified\":\"2023-03-05T13:38:36+00:00\",\"breadcrumb\":{\"@id\":\"http:\/\/www.phusis.ch\/vins\/accueil\/vins\/phusis-5-2011\/phusis-5-4\/#breadcrumb\"},\"inLanguage\":\"fr-FR\",\"potentialAction\":[{\"@type\":\"ReadAction\",\"target\":[\"http:\/\/www.phusis.ch\/vins\/accueil\/vins\/phusis-5-2011\/phusis-5-4\/\"]}]},{\"@type\":\"ImageObject\",\"inLanguage\":\"fr-FR\",\"@id\":\"http:\/\/www.phusis.ch\/vins\/accueil\/vins\/phusis-5-2011\/phusis-5-4\/#primaryimage\",\"url\":\"http:\/\/www.phusis.ch\/vins\/wp-content\/uploads\/2010\/05\/bienvenue2.jpg\",\"contentUrl\":\"http:\/\/www.phusis.ch\/vins\/wp-content\/uploads\/2010\/05\/bienvenue2.jpg\",\"width\":\"1200\",\"height\":\"1600\"},{\"@type\":\"BreadcrumbList\",\"@id\":\"http:\/\/www.phusis.ch\/vins\/accueil\/vins\/phusis-5-2011\/phusis-5-4\/#breadcrumb\",\"itemListElement\":[{\"@type\":\"ListItem\",\"position\":1,\"name\":\"Accueil\",\"item\":\"https:\/\/www.phusis.ch\/vins\/\"},{\"@type\":\"ListItem\",\"position\":2,\"name\":\"bienvenue sur phusis vins\",\"item\":\"https:\/\/www.phusis.ch\/vins\/\"},{\"@type\":\"ListItem\",\"position\":3,\"name\":\"nos vins\",\"item\":\"https:\/\/www.phusis.ch\/vins\/accueil\/vins\/\"},{\"@type\":\"ListItem\",\"position\":4,\"name\":\"mill\u00e9sime 2011\",\"item\":\"http:\/\/www.phusis.ch\/vins\/accueil\/vins\/phusis-5-2011\/\"},{\"@type\":\"ListItem\",\"position\":5,\"name\":\"rouge oudain sensine 2011\"}]},{\"@type\":\"WebSite\",\"@id\":\"https:\/\/www.phusis.ch\/vins\/#website\",\"url\":\"https:\/\/www.phusis.ch\/vins\/\",\"name\":\"PHUSIS\",\"description\":\"Phusis | Une exp\u00e9rience du vin\",\"publisher\":{\"@id\":\"https:\/\/www.phusis.ch\/vins\/#organization\"},\"potentialAction\":[{\"@type\":\"SearchAction\",\"target\":{\"@type\":\"EntryPoint\",\"urlTemplate\":\"https:\/\/www.phusis.ch\/vins\/?s={search_term_string}\"},\"query-input\":\"required name=search_term_string\"}],\"inLanguage\":\"fr-FR\"},{\"@type\":\"Organization\",\"@id\":\"https:\/\/www.phusis.ch\/vins\/#organization\",\"name\":\"PHUSIS\",\"url\":\"https:\/\/www.phusis.ch\/vins\/\",\"logo\":{\"@type\":\"ImageObject\",\"inLanguage\":\"fr-FR\",\"@id\":\"https:\/\/www.phusis.ch\/vins\/#\/schema\/logo\/image\/\",\"url\":\"http:\/\/www.phusis.ch\/vins\/wp-content\/uploads\/2021\/06\/Oiseau-PHUSIS-Transparent-1024x1024-1.png\",\"contentUrl\":\"http:\/\/www.phusis.ch\/vins\/wp-content\/uploads\/2021\/06\/Oiseau-PHUSIS-Transparent-1024x1024-1.png\",\"width\":1024,\"height\":1024,\"caption\":\"PHUSIS\"},\"image\":{\"@id\":\"https:\/\/www.phusis.ch\/vins\/#\/schema\/logo\/image\/\"}}]}<\/script>\n<!-- \/ Yoast SEO plugin. -->","yoast_head_json":{"title":"rouge oudain sensine 2011 - PHUSIS","robots":{"index":"index","follow":"follow","max-snippet":"max-snippet:-1","max-image-preview":"max-image-preview:large","max-video-preview":"max-video-preview:-1"},"canonical":"http:\/\/www.phusis.ch\/vins\/accueil\/vins\/phusis-5-2011\/phusis-5-4\/","og_locale":"fr_FR","og_type":"article","og_title":"rouge oudain sensine 2011 - PHUSIS","og_description":"0 bouteilles C\u00e9pages :\u00a0Gamay, Pinot Noir et Humagne RougeD\u00e9gustation :\u00a016 \u00e0 18\u00b0CLong\u00e9vit\u00e9 : 2012-2016Prix :\u00a029.-\/bt (\u00e9puis\u00e9) Origine Cette cuv\u00e9e est issue de notre vigne de Sensine, \u00e0 Conthey, en Valais. Plus d\u2019informations concernant les vins PHUSIS ici. Notes de d\u00e9gustation Robe brillante, rubis d\u2019intensit\u00e9 moyenne. Expressif, le nez \u00e9voque le graphite, le cachou, la framboise, [&hellip;]","og_url":"http:\/\/www.phusis.ch\/vins\/accueil\/vins\/phusis-5-2011\/phusis-5-4\/","og_site_name":"PHUSIS","article_modified_time":"2023-03-05T13:38:36+00:00","og_image":[{"width":"1200","height":"1600","url":"http:\/\/www.phusis.ch\/vins\/wp-content\/uploads\/2010\/05\/bienvenue2.jpg","type":"image\/jpeg"}],"twitter_card":"summary_large_image","twitter_misc":{"Dur\u00e9e de lecture estim\u00e9e":"3 minutes"},"schema":{"@context":"https:\/\/schema.org","@graph":[{"@type":"WebPage","@id":"http:\/\/www.phusis.ch\/vins\/accueil\/vins\/phusis-5-2011\/phusis-5-4\/","url":"http:\/\/www.phusis.ch\/vins\/accueil\/vins\/phusis-5-2011\/phusis-5-4\/","name":"rouge oudain sensine 2011 - PHUSIS","isPartOf":{"@id":"https:\/\/www.phusis.ch\/vins\/#website"},"primaryImageOfPage":{"@id":"http:\/\/www.phusis.ch\/vins\/accueil\/vins\/phusis-5-2011\/phusis-5-4\/#primaryimage"},"image":{"@id":"http:\/\/www.phusis.ch\/vins\/accueil\/vins\/phusis-5-2011\/phusis-5-4\/#primaryimage"},"thumbnailUrl":"http:\/\/www.phusis.ch\/vins\/wp-content\/uploads\/2010\/05\/bienvenue2.jpg","datePublished":"2012-07-29T09:42:06+00:00","dateModified":"2023-03-05T13:38:36+00:00","breadcrumb":{"@id":"http:\/\/www.phusis.ch\/vins\/accueil\/vins\/phusis-5-2011\/phusis-5-4\/#breadcrumb"},"inLanguage":"fr-FR","potentialAction":[{"@type":"ReadAction","target":["http:\/\/www.phusis.ch\/vins\/accueil\/vins\/phusis-5-2011\/phusis-5-4\/"]}]},{"@type":"ImageObject","inLanguage":"fr-FR","@id":"http:\/\/www.phusis.ch\/vins\/accueil\/vins\/phusis-5-2011\/phusis-5-4\/#primaryimage","url":"http:\/\/www.phusis.ch\/vins\/wp-content\/uploads\/2010\/05\/bienvenue2.jpg","contentUrl":"http:\/\/www.phusis.ch\/vins\/wp-content\/uploads\/2010\/05\/bienvenue2.jpg","width":"1200","height":"1600"},{"@type":"BreadcrumbList","@id":"http:\/\/www.phusis.ch\/vins\/accueil\/vins\/phusis-5-2011\/phusis-5-4\/#breadcrumb","itemListElement":[{"@type":"ListItem","position":1,"name":"Accueil","item":"https:\/\/www.phusis.ch\/vins\/"},{"@type":"ListItem","position":2,"name":"bienvenue sur phusis vins","item":"https:\/\/www.phusis.ch\/vins\/"},{"@type":"ListItem","position":3,"name":"nos vins","item":"https:\/\/www.phusis.ch\/vins\/accueil\/vins\/"},{"@type":"ListItem","position":4,"name":"mill\u00e9sime 2011","item":"http:\/\/www.phusis.ch\/vins\/accueil\/vins\/phusis-5-2011\/"},{"@type":"ListItem","position":5,"name":"rouge oudain sensine 2011"}]},{"@type":"WebSite","@id":"https:\/\/www.phusis.ch\/vins\/#website","url":"https:\/\/www.phusis.ch\/vins\/","name":"PHUSIS","description":"Phusis | Une exp\u00e9rience du vin","publisher":{"@id":"https:\/\/www.phusis.ch\/vins\/#organization"},"potentialAction":[{"@type":"SearchAction","target":{"@type":"EntryPoint","urlTemplate":"https:\/\/www.phusis.ch\/vins\/?s={search_term_string}"},"query-input":"required name=search_term_string"}],"inLanguage":"fr-FR"},{"@type":"Organization","@id":"https:\/\/www.phusis.ch\/vins\/#organization","name":"PHUSIS","url":"https:\/\/www.phusis.ch\/vins\/","logo":{"@type":"ImageObject","inLanguage":"fr-FR","@id":"https:\/\/www.phusis.ch\/vins\/#\/schema\/logo\/image\/","url":"http:\/\/www.phusis.ch\/vins\/wp-content\/uploads\/2021\/06\/Oiseau-PHUSIS-Transparent-1024x1024-1.png","contentUrl":"http:\/\/www.phusis.ch\/vins\/wp-content\/uploads\/2021\/06\/Oiseau-PHUSIS-Transparent-1024x1024-1.png","width":1024,"height":1024,"caption":"PHUSIS"},"image":{"@id":"https:\/\/www.phusis.ch\/vins\/#\/schema\/logo\/image\/"}}]}},"_links":{"self":[{"href":"http:\/\/www.phusis.ch\/vins\/wp-json\/wp\/v2\/pages\/1738"}],"collection":[{"href":"http:\/\/www.phusis.ch\/vins\/wp-json\/wp\/v2\/pages"}],"about":[{"href":"http:\/\/www.phusis.ch\/vins\/wp-json\/wp\/v2\/types\/page"}],"author":[{"embeddable":true,"href":"http:\/\/www.phusis.ch\/vins\/wp-json\/wp\/v2\/users\/3"}],"replies":[{"embeddable":true,"href":"http:\/\/www.phusis.ch\/vins\/wp-json\/wp\/v2\/comments?post=1738"}],"version-history":[{"count":29,"href":"http:\/\/www.phusis.ch\/vins\/wp-json\/wp\/v2\/pages\/1738\/revisions"}],"predecessor-version":[{"id":11227,"href":"http:\/\/www.phusis.ch\/vins\/wp-json\/wp\/v2\/pages\/1738\/revisions\/11227"}],"up":[{"embeddable":true,"href":"http:\/\/www.phusis.ch\/vins\/wp-json\/wp\/v2\/pages\/1742"}],"wp:featuredmedia":[{"embeddable":true,"href":"http:\/\/www.phusis.ch\/vins\/wp-json\/wp\/v2\/media\/404"}],"wp:attachment":[{"href":"http:\/\/www.phusis.ch\/vins\/wp-json\/wp\/v2\/media?parent=1738"}],"curies":[{"name":"wp","href":"https:\/\/api.w.org\/{rel}","templated":true}]}}