{"id":2759,"date":"2015-01-23T20:30:53","date_gmt":"2015-01-23T19:30:53","guid":{"rendered":"http:\/\/www.phusis.ch\/steve\/?page_id=2759"},"modified":"2015-01-25T10:56:57","modified_gmt":"2015-01-25T09:56:57","slug":"guide-de-degustation","status":"publish","type":"page","link":"http:\/\/www.phusis.ch\/vins\/degustations\/guide-de-degustation\/","title":{"rendered":"Guide de d\u00e9gustation"},"content":{"rendered":"<p>Vous \u00eates souvent mal pris lorsqu\u2019il s\u2019agit de d\u00e9guster un vin\u00a0? Vous voulez d\u00e9passer le simple \u00ab\u00a0j\u2019aime\/j\u2019aime pas\u00a0\u00bb\u00a0?<\/p>\n<p>PHUSIS vous aide \u00e0 forger des cl\u00e9s vous permettant de d\u00e9guster et appr\u00e9cier au mieux et en toute s\u00e9r\u00e9nit\u00e9 n\u2019importe quel vin.<\/p>\n<p>Notre guide se divise en modules ind\u00e9pendants. Le premier en est la rampe de lancement. Les autres traitent de sujets vari\u00e9s, aussi selon les envies et int\u00e9r\u00eats de chacun\u00a0: nez, bouche, c\u00e9pages, vieillissement, effet mill\u00e9sime, terroir, styles de vinification, cuve, f\u00fbt de ch\u00eane, etc.<\/p>\n<p>Fort d\u2019un support th\u00e9orique facile et de divers exercices pratiques, chaque module permet de d\u00e9guster entre 5 et 7 vins de r\u00e9f\u00e9rence.<\/p>\n<p>&nbsp;<\/p>\n<p><a href=\"http:\/\/www.phusis.ch\/vins\/degustations\/guide-de-degustation\/module-n-1\/\"><strong>Module n\u00b0 1<\/strong> | Premiers balbutiements dans le monde du vin<\/a><\/p>\n<p><em>Comment acqu\u00e9rir les bons r\u00e9flexes en mati\u00e8re de d\u00e9gustation.<\/em><\/p>\n<p><a href=\"http:\/\/www.phusis.ch\/vins\/degustations\/guide-de-degustation\/module-n-2\/\"><strong>Module n\u00b0 2<\/strong> | Le nez<\/a><\/p>\n<p><em>Comment sentir et exprimer les odeurs d\u2019un vin.<\/em><\/p>\n<p><a href=\"http:\/\/www.phusis.ch\/vins\/degustations\/guide-de-degustation\/module-n-3\/\"><strong>Module n\u00b0 3<\/strong> | La bouche<\/a><\/p>\n<p><em>Comment sentir et exprimer les go\u00fbts d\u2019un vin.<\/em><\/p>\n<p><a href=\"http:\/\/www.phusis.ch\/vins\/degustations\/guide-de-degustation\/module-4\/\"><strong>Module n\u00b0 4<\/strong> | Principaux c\u00e9pages rouges<\/a><\/p>\n<p><em>Comment distinguer une dizaine de c\u00e9pages rouges parmi les principaux.<\/em><\/p>\n<p><a href=\"http:\/\/www.phusis.ch\/vins\/degustations\/guide-de-degustation\/module-5\/\"><strong>Module n\u00b0 5<\/strong> | L\u2019\u00e9volution<\/a><\/p>\n<p><em>Comment appr\u00e9hender le vieillissement du vin.<\/em><\/p>\n\n\t\t\t<div style=\"clear: both; float: none;\" class=\"ratepost-clear\"><\/div>\n\t\t\t<div id=\"ratepost-2759\" class=\"ratepost\" rel=\"3\">\n\t\t\t\t\t<span class=\"rating3\"><div class=\"star1\" rel=\"1\"><\/div><div class=\"star2\" rel=\"2\"><\/div><div class=\"star3\" rel=\"3\"><\/div><div class=\"star4\" rel=\"4\"><\/div><div class=\"star5\" rel=\"5\"><\/div><\/span>\n\t\t\t\t<div class=\"status-info\"><\/div>\n\t\t<\/div><div style=\"clear: both; float: none;\" class=\"ratepost-clear\"><\/div>","protected":false},"excerpt":{"rendered":"<p>Vous \u00eates souvent mal pris lorsqu\u2019il s\u2019agit de d\u00e9guster un vin\u00a0? Vous voulez d\u00e9passer le simple \u00ab\u00a0j\u2019aime\/j\u2019aime pas\u00a0\u00bb\u00a0? PHUSIS vous aide \u00e0 forger des cl\u00e9s vous permettant de d\u00e9guster et appr\u00e9cier au mieux et en toute s\u00e9r\u00e9nit\u00e9 n\u2019importe quel vin. Notre guide se divise en modules ind\u00e9pendants. Le premier en est la rampe de lancement. [&hellip;]<\/p>\n","protected":false},"author":3,"featured_media":0,"parent":893,"menu_order":1,"comment_status":"open","ping_status":"open","template":"","meta":{"_monsterinsights_skip_tracking":false,"_monsterinsights_sitenote_active":false,"_monsterinsights_sitenote_note":"","_monsterinsights_sitenote_category":0,"footnotes":""},"yoast_head":"<!-- This site is optimized with the Yoast SEO plugin v22.8 - https:\/\/yoast.com\/wordpress\/plugins\/seo\/ -->\n<title>Guide de d\u00e9gustation - PHUSIS<\/title>\n<meta name=\"robots\" content=\"index, follow, max-snippet:-1, max-image-preview:large, max-video-preview:-1\" \/>\n<link rel=\"canonical\" href=\"https:\/\/www.phusis.ch\/vins\/degustations\/guide-de-degustation\/\" \/>\n<meta property=\"og:locale\" content=\"fr_FR\" \/>\n<meta property=\"og:type\" content=\"article\" \/>\n<meta property=\"og:title\" content=\"Guide de d\u00e9gustation - PHUSIS\" \/>\n<meta property=\"og:description\" content=\"Vous \u00eates souvent mal pris lorsqu\u2019il s\u2019agit de d\u00e9guster un vin\u00a0? Vous voulez d\u00e9passer le simple \u00ab\u00a0j\u2019aime\/j\u2019aime pas\u00a0\u00bb\u00a0? PHUSIS vous aide \u00e0 forger des cl\u00e9s vous permettant de d\u00e9guster et appr\u00e9cier au mieux et en toute s\u00e9r\u00e9nit\u00e9 n\u2019importe quel vin. Notre guide se divise en modules ind\u00e9pendants. Le premier en est la rampe de lancement. [&hellip;]\" \/>\n<meta property=\"og:url\" content=\"https:\/\/www.phusis.ch\/vins\/degustations\/guide-de-degustation\/\" \/>\n<meta property=\"og:site_name\" content=\"PHUSIS\" \/>\n<meta property=\"article:modified_time\" content=\"2015-01-25T09:56:57+00:00\" \/>\n<meta name=\"twitter:card\" content=\"summary_large_image\" \/>\n<meta name=\"twitter:label1\" content=\"Dur\u00e9e de lecture estim\u00e9e\" \/>\n\t<meta name=\"twitter:data1\" content=\"1 minute\" \/>\n<script type=\"application\/ld+json\" class=\"yoast-schema-graph\">{\"@context\":\"https:\/\/schema.org\",\"@graph\":[{\"@type\":\"WebPage\",\"@id\":\"https:\/\/www.phusis.ch\/vins\/degustations\/guide-de-degustation\/\",\"url\":\"https:\/\/www.phusis.ch\/vins\/degustations\/guide-de-degustation\/\",\"name\":\"Guide de d\u00e9gustation - PHUSIS\",\"isPartOf\":{\"@id\":\"http:\/\/www.phusis.ch\/vins\/#website\"},\"datePublished\":\"2015-01-23T19:30:53+00:00\",\"dateModified\":\"2015-01-25T09:56:57+00:00\",\"breadcrumb\":{\"@id\":\"https:\/\/www.phusis.ch\/vins\/degustations\/guide-de-degustation\/#breadcrumb\"},\"inLanguage\":\"fr-FR\",\"potentialAction\":[{\"@type\":\"ReadAction\",\"target\":[\"https:\/\/www.phusis.ch\/vins\/degustations\/guide-de-degustation\/\"]}]},{\"@type\":\"BreadcrumbList\",\"@id\":\"https:\/\/www.phusis.ch\/vins\/degustations\/guide-de-degustation\/#breadcrumb\",\"itemListElement\":[{\"@type\":\"ListItem\",\"position\":1,\"name\":\"Accueil\",\"item\":\"http:\/\/www.phusis.ch\/vins\/\"},{\"@type\":\"ListItem\",\"position\":2,\"name\":\"D\u00e9gustations\",\"item\":\"https:\/\/www.phusis.ch\/vins\/degustations\/\"},{\"@type\":\"ListItem\",\"position\":3,\"name\":\"Guide de d\u00e9gustation\"}]},{\"@type\":\"WebSite\",\"@id\":\"http:\/\/www.phusis.ch\/vins\/#website\",\"url\":\"http:\/\/www.phusis.ch\/vins\/\",\"name\":\"PHUSIS\",\"description\":\"Phusis | Une exp\u00e9rience du vin\",\"publisher\":{\"@id\":\"http:\/\/www.phusis.ch\/vins\/#organization\"},\"potentialAction\":[{\"@type\":\"SearchAction\",\"target\":{\"@type\":\"EntryPoint\",\"urlTemplate\":\"http:\/\/www.phusis.ch\/vins\/?s={search_term_string}\"},\"query-input\":\"required name=search_term_string\"}],\"inLanguage\":\"fr-FR\"},{\"@type\":\"Organization\",\"@id\":\"http:\/\/www.phusis.ch\/vins\/#organization\",\"name\":\"PHUSIS\",\"url\":\"http:\/\/www.phusis.ch\/vins\/\",\"logo\":{\"@type\":\"ImageObject\",\"inLanguage\":\"fr-FR\",\"@id\":\"http:\/\/www.phusis.ch\/vins\/#\/schema\/logo\/image\/\",\"url\":\"http:\/\/www.phusis.ch\/vins\/wp-content\/uploads\/2021\/06\/Oiseau-PHUSIS-Transparent-1024x1024-1.png\",\"contentUrl\":\"http:\/\/www.phusis.ch\/vins\/wp-content\/uploads\/2021\/06\/Oiseau-PHUSIS-Transparent-1024x1024-1.png\",\"width\":1024,\"height\":1024,\"caption\":\"PHUSIS\"},\"image\":{\"@id\":\"http:\/\/www.phusis.ch\/vins\/#\/schema\/logo\/image\/\"}}]}<\/script>\n<!-- \/ Yoast SEO plugin. -->","yoast_head_json":{"title":"Guide de d\u00e9gustation - PHUSIS","robots":{"index":"index","follow":"follow","max-snippet":"max-snippet:-1","max-image-preview":"max-image-preview:large","max-video-preview":"max-video-preview:-1"},"canonical":"https:\/\/www.phusis.ch\/vins\/degustations\/guide-de-degustation\/","og_locale":"fr_FR","og_type":"article","og_title":"Guide de d\u00e9gustation - PHUSIS","og_description":"Vous \u00eates souvent mal pris lorsqu\u2019il s\u2019agit de d\u00e9guster un vin\u00a0? Vous voulez d\u00e9passer le simple \u00ab\u00a0j\u2019aime\/j\u2019aime pas\u00a0\u00bb\u00a0? PHUSIS vous aide \u00e0 forger des cl\u00e9s vous permettant de d\u00e9guster et appr\u00e9cier au mieux et en toute s\u00e9r\u00e9nit\u00e9 n\u2019importe quel vin. Notre guide se divise en modules ind\u00e9pendants. Le premier en est la rampe de lancement. [&hellip;]","og_url":"https:\/\/www.phusis.ch\/vins\/degustations\/guide-de-degustation\/","og_site_name":"PHUSIS","article_modified_time":"2015-01-25T09:56:57+00:00","twitter_card":"summary_large_image","twitter_misc":{"Dur\u00e9e de lecture estim\u00e9e":"1 minute"},"schema":{"@context":"https:\/\/schema.org","@graph":[{"@type":"WebPage","@id":"https:\/\/www.phusis.ch\/vins\/degustations\/guide-de-degustation\/","url":"https:\/\/www.phusis.ch\/vins\/degustations\/guide-de-degustation\/","name":"Guide de d\u00e9gustation - PHUSIS","isPartOf":{"@id":"http:\/\/www.phusis.ch\/vins\/#website"},"datePublished":"2015-01-23T19:30:53+00:00","dateModified":"2015-01-25T09:56:57+00:00","breadcrumb":{"@id":"https:\/\/www.phusis.ch\/vins\/degustations\/guide-de-degustation\/#breadcrumb"},"inLanguage":"fr-FR","potentialAction":[{"@type":"ReadAction","target":["https:\/\/www.phusis.ch\/vins\/degustations\/guide-de-degustation\/"]}]},{"@type":"BreadcrumbList","@id":"https:\/\/www.phusis.ch\/vins\/degustations\/guide-de-degustation\/#breadcrumb","itemListElement":[{"@type":"ListItem","position":1,"name":"Accueil","item":"http:\/\/www.phusis.ch\/vins\/"},{"@type":"ListItem","position":2,"name":"D\u00e9gustations","item":"https:\/\/www.phusis.ch\/vins\/degustations\/"},{"@type":"ListItem","position":3,"name":"Guide de d\u00e9gustation"}]},{"@type":"WebSite","@id":"http:\/\/www.phusis.ch\/vins\/#website","url":"http:\/\/www.phusis.ch\/vins\/","name":"PHUSIS","description":"Phusis | Une exp\u00e9rience du vin","publisher":{"@id":"http:\/\/www.phusis.ch\/vins\/#organization"},"potentialAction":[{"@type":"SearchAction","target":{"@type":"EntryPoint","urlTemplate":"http:\/\/www.phusis.ch\/vins\/?s={search_term_string}"},"query-input":"required name=search_term_string"}],"inLanguage":"fr-FR"},{"@type":"Organization","@id":"http:\/\/www.phusis.ch\/vins\/#organization","name":"PHUSIS","url":"http:\/\/www.phusis.ch\/vins\/","logo":{"@type":"ImageObject","inLanguage":"fr-FR","@id":"http:\/\/www.phusis.ch\/vins\/#\/schema\/logo\/image\/","url":"http:\/\/www.phusis.ch\/vins\/wp-content\/uploads\/2021\/06\/Oiseau-PHUSIS-Transparent-1024x1024-1.png","contentUrl":"http:\/\/www.phusis.ch\/vins\/wp-content\/uploads\/2021\/06\/Oiseau-PHUSIS-Transparent-1024x1024-1.png","width":1024,"height":1024,"caption":"PHUSIS"},"image":{"@id":"http:\/\/www.phusis.ch\/vins\/#\/schema\/logo\/image\/"}}]}},"_links":{"self":[{"href":"http:\/\/www.phusis.ch\/vins\/wp-json\/wp\/v2\/pages\/2759"}],"collection":[{"href":"http:\/\/www.phusis.ch\/vins\/wp-json\/wp\/v2\/pages"}],"about":[{"href":"http:\/\/www.phusis.ch\/vins\/wp-json\/wp\/v2\/types\/page"}],"author":[{"embeddable":true,"href":"http:\/\/www.phusis.ch\/vins\/wp-json\/wp\/v2\/users\/3"}],"replies":[{"embeddable":true,"href":"http:\/\/www.phusis.ch\/vins\/wp-json\/wp\/v2\/comments?post=2759"}],"version-history":[{"count":5,"href":"http:\/\/www.phusis.ch\/vins\/wp-json\/wp\/v2\/pages\/2759\/revisions"}],"predecessor-version":[{"id":2792,"href":"http:\/\/www.phusis.ch\/vins\/wp-json\/wp\/v2\/pages\/2759\/revisions\/2792"}],"up":[{"embeddable":true,"href":"http:\/\/www.phusis.ch\/vins\/wp-json\/wp\/v2\/pages\/893"}],"wp:attachment":[{"href":"http:\/\/www.phusis.ch\/vins\/wp-json\/wp\/v2\/media?parent=2759"}],"curies":[{"name":"wp","href":"https:\/\/api.w.org\/{rel}","templated":true}]}}