{"id":134,"date":"2010-05-02T09:22:33","date_gmt":"2010-05-02T07:22:33","guid":{"rendered":"http:\/\/www.phusis.ch\/steve\/?page_id=134"},"modified":"2023-03-05T14:33:34","modified_gmt":"2023-03-05T13:33:34","slug":"phusis-2-4","status":"publish","type":"page","link":"https:\/\/www.phusis.ch\/vins\/accueil\/vins\/phusis-2-2008\/phusis-2-4\/","title":{"rendered":"gamay pinot noir 2008"},"content":{"rendered":"\t\t<div data-elementor-type=\"wp-page\" data-elementor-id=\"134\" class=\"elementor elementor-134\" data-elementor-post-type=\"page\">\n\t\t\t\t\t\t<section class=\"has_ma_el_bg_slider elementor-section elementor-top-section elementor-element elementor-element-35393e03 elementor-section-boxed elementor-section-height-default elementor-section-height-default jltma-glass-effect-no\" data-id=\"35393e03\" data-element_type=\"section\">\n\t\t\t\t\t\t<div class=\"elementor-container elementor-column-gap-default\">\n\t\t\t\t\t<div class=\"has_ma_el_bg_slider elementor-column elementor-col-100 elementor-top-column elementor-element elementor-element-3db5107e jltma-glass-effect-no\" data-id=\"3db5107e\" data-element_type=\"column\">\n\t\t\t<div class=\"elementor-widget-wrap elementor-element-populated\">\n\t\t\t\t\t\t<section class=\"has_ma_el_bg_slider elementor-section elementor-inner-section elementor-element elementor-element-d58107e elementor-section-boxed elementor-section-height-default elementor-section-height-default jltma-glass-effect-no\" data-id=\"d58107e\" data-element_type=\"section\">\n\t\t\t\t\t\t<div class=\"elementor-container elementor-column-gap-default\">\n\t\t\t\t\t<div class=\"has_ma_el_bg_slider elementor-column elementor-col-33 elementor-inner-column elementor-element elementor-element-363d01d7 jltma-glass-effect-no\" data-id=\"363d01d7\" data-element_type=\"column\">\n\t\t\t<div class=\"elementor-widget-wrap elementor-element-populated\">\n\t\t\t\t\t\t<div class=\"elementor-element elementor-element-b561925 jltma-glass-effect-no elementor-widget elementor-widget-counter\" data-id=\"b561925\" data-element_type=\"widget\" data-widget_type=\"counter.default\">\n\t\t\t\t<div class=\"elementor-widget-container\">\n\t\t\t\t\t<div class=\"elementor-counter\">\n\t\t\t<div class=\"elementor-counter-title\">bouteilles<\/div>\t\t\t<div class=\"elementor-counter-number-wrapper\">\n\t\t\t\t<span class=\"elementor-counter-number-prefix\"><\/span>\n\t\t\t\t<span class=\"elementor-counter-number\" data-duration=\"2000\" data-to-value=\"160\" data-from-value=\"0\" data-delimiter=\",\">0<\/span>\n\t\t\t\t<span class=\"elementor-counter-number-suffix\"><\/span>\n\t\t\t<\/div>\n\t\t<\/div>\n\t\t\t\t<\/div>\n\t\t\t\t<\/div>\n\t\t\t\t<div class=\"elementor-element elementor-element-198f5f8f jltma-glass-effect-no elementor-widget elementor-widget-text-editor\" data-id=\"198f5f8f\" data-element_type=\"widget\" data-widget_type=\"text-editor.default\">\n\t\t\t\t<div class=\"elementor-widget-container\">\n\t\t\t\t\t\t\t<p><strong>C\u00e9pages :<\/strong> Gamay avec 40% de Pinot Noir<br \/><strong>D\u00e9gustation :<\/strong>\u00a014 \u00e0 16\u00b0C<br \/><strong>Long\u00e9vit\u00e9<\/strong><strong> :<\/strong> 2009-2012<br \/><strong>Prix :<\/strong>\u00a025.-\/bt (\u00e9puis\u00e9)<\/p><h4><strong>Origine<\/strong><\/h4><p>Cette cuv\u00e9e est issue de notre vigne de Sensine, \u00e0 Conthey, en Valais. Plus d\u2019informations concernant les vins PHUSIS<span style=\"color: #000000;\"> <strong><a style=\"color: #000000;\" href=\"https:\/\/www.phusis.ch\/steve\/les-vignes\/\">ici<\/a><\/strong><\/span>.<\/p><h4><span style=\"font-weight: bolder;\">Notes de d\u00e9gustation<\/span><\/h4><p>Rubis franc, assez clair. Proche de la mise en bouteille, ce vin est encore un peu discret, sur une forme de retenue aromatique (ne pas h\u00e9siter \u00e0 l\u2019ouvrir une heure avant le service ou le passer en carafe). Nez de r\u00e9glisse, baies noires, bois sec et fum\u00e9e froide. Large et souple en attaque, la bouche gagne rapidement du volume pour se montrer agr\u00e9able, ronde, tram\u00e9e de tannins au grain l\u00e9g\u00e8rement saillant. Finale ample, riche et bien m\u00fbre (septembre 2009).<\/p>\t\t\t\t\t\t<\/div>\n\t\t\t\t<\/div>\n\t\t\t\t\t<\/div>\n\t\t<\/div>\n\t\t\t\t<div class=\"has_ma_el_bg_slider elementor-column elementor-col-33 elementor-inner-column elementor-element elementor-element-1adbde1b jltma-glass-effect-no\" data-id=\"1adbde1b\" data-element_type=\"column\">\n\t\t\t<div class=\"elementor-widget-wrap elementor-element-populated\">\n\t\t\t\t\t\t<div class=\"elementor-element elementor-element-6a9b2bbc jltma-glass-effect-no elementor-widget elementor-widget-image\" data-id=\"6a9b2bbc\" data-element_type=\"widget\" data-widget_type=\"image.default\">\n\t\t\t\t<div class=\"elementor-widget-container\">\n\t\t\t\t\t\t\t\t\t\t\t\t\t<img fetchpriority=\"high\" decoding=\"async\" width=\"688\" height=\"2640\" src=\"https:\/\/www.phusis.ch\/vins\/wp-content\/uploads\/2023\/02\/Bouteille-dessinee2.png\" class=\"attachment-full size-full wp-image-10155\" alt=\"\" srcset=\"https:\/\/www.phusis.ch\/vins\/wp-content\/uploads\/2023\/02\/Bouteille-dessinee2.png 688w, https:\/\/www.phusis.ch\/vins\/wp-content\/uploads\/2023\/02\/Bouteille-dessinee2-78x300.png 78w, https:\/\/www.phusis.ch\/vins\/wp-content\/uploads\/2023\/02\/Bouteille-dessinee2-267x1024.png 267w, https:\/\/www.phusis.ch\/vins\/wp-content\/uploads\/2023\/02\/Bouteille-dessinee2-400x1536.png 400w, https:\/\/www.phusis.ch\/vins\/wp-content\/uploads\/2023\/02\/Bouteille-dessinee2-534x2048.png 534w\" sizes=\"(max-width: 688px) 100vw, 688px\" \/>\t\t\t\t\t\t\t\t\t\t\t\t\t<\/div>\n\t\t\t\t<\/div>\n\t\t\t\t\t<\/div>\n\t\t<\/div>\n\t\t\t\t<div class=\"has_ma_el_bg_slider elementor-column elementor-col-33 elementor-inner-column elementor-element elementor-element-3dedec6b jltma-glass-effect-no\" data-id=\"3dedec6b\" data-element_type=\"column\">\n\t\t\t<div class=\"elementor-widget-wrap elementor-element-populated\">\n\t\t\t\t\t\t<div class=\"elementor-element elementor-element-299ad140 jltma-glass-effect-no elementor-widget elementor-widget-text-editor\" data-id=\"299ad140\" data-element_type=\"widget\" data-widget_type=\"text-editor.default\">\n\t\t\t\t<div class=\"elementor-widget-container\">\n\t\t\t\t\t\t\t<h4><span style=\"font-weight: bolder;\">Suggestions d&#8217;accords<\/span><\/h4><p style=\"font-family: 'Open Sans'; font-size: 15px; font-weight: 400;\">A boire en accompagnement d\u2019une dinde farcie aux marrons, d\u2019un gibier \u00e0 plume ou d\u2019un r\u00f4ti de veau aux champignons.<\/p><h4>vendange et vinification<\/h4><p>Les Pinot Noir et Gamay de Sensine sont vendang\u00e9s le 27 septembre suite \u00e0 un tri m\u00e9ticuleux (pourriture grise, dess\u00e8chement de la rafle, grains piqu\u00e9s par les oiseaux, etc.).<\/p><p>20% de r\u00e9colte en moins que l\u2019ann\u00e9e pr\u00e9c\u00e9dente\u00a0: 188 kg sondant \u00e0 97 \u00b0Oe.<\/p><p>Les raisins sont \u00e9rafl\u00e9s, puis mis dans une cuve sortie pour la nuit. La fra\u00eecheur de cette derni\u00e8re (environ 4 \u00b0C) op\u00e8re une sorte de mac\u00e9ration pr\u00e9-fermentaire \u00e0 froid. Souvent, cette derni\u00e8re permet d\u2019augmenter l\u2019intensit\u00e9 du fruit dans les vins de Pinot Noir.<\/p><p>Une fois rentr\u00e9e le lendemain matin, la cuve se r\u00e9chauffe lentement et part en fermentation quelques jours plus tard.<\/p><p>Le d\u00e9cuvage a lieu le 15 octobre et le vin nouveau est \u00e9lev\u00e9 en cuve inox.<\/p><p>D\u00e9but d\u2019\u00e9levage difficile, avec passablement de phases de r\u00e9duction. N\u00e9cessit\u00e9 de changer la nature du contenant\u00a0: passage au bois d\u00e8s mi-d\u00e9cembre (en feuillette \u2013 pas de bois neuf). Mieux adapt\u00e9 que l\u2019inox, le bois permet au vin qui a tendance \u00e0 r\u00e9duire de mieux respirer en cours d\u2019\u00e9levage.<\/p><p>Mise en bouteille r\u00e9alis\u00e9e le 11 juin 2009.<\/p>\t\t\t\t\t\t<\/div>\n\t\t\t\t<\/div>\n\t\t\t\t\t<\/div>\n\t\t<\/div>\n\t\t\t\t\t<\/div>\n\t\t<\/section>\n\t\t\t\t\t<\/div>\n\t\t<\/div>\n\t\t\t\t\t<\/div>\n\t\t<\/section>\n\t\t\t\t<section class=\"has_ma_el_bg_slider elementor-section elementor-top-section elementor-element elementor-element-72b10141 elementor-section-boxed elementor-section-height-default elementor-section-height-default jltma-glass-effect-no\" data-id=\"72b10141\" data-element_type=\"section\">\n\t\t\t\t\t\t<div class=\"elementor-container elementor-column-gap-default\">\n\t\t\t\t\t<div class=\"has_ma_el_bg_slider elementor-column elementor-col-100 elementor-top-column elementor-element elementor-element-53e486e jltma-glass-effect-no\" data-id=\"53e486e\" data-element_type=\"column\">\n\t\t\t<div class=\"elementor-widget-wrap\">\n\t\t\t\t\t\t\t<\/div>\n\t\t<\/div>\n\t\t\t\t\t<\/div>\n\t\t<\/section>\n\t\t\t\t<\/div>\n\t\t\n\t\t\t<div style=\"clear: both; float: none;\" class=\"ratepost-clear\"><\/div>\n\t\t\t<div id=\"ratepost-134\" class=\"ratepost\" rel=\"3\">\n\t\t\t\t\t<span class=\"rating3\"><div class=\"star1\" rel=\"1\"><\/div><div class=\"star2\" rel=\"2\"><\/div><div class=\"star3\" rel=\"3\"><\/div><div class=\"star4\" rel=\"4\"><\/div><div class=\"star5\" rel=\"5\"><\/div><\/span>\n\t\t\t\t<div class=\"status-info\"><\/div>\n\t\t<\/div><div style=\"clear: both; float: none;\" class=\"ratepost-clear\"><\/div>","protected":false},"excerpt":{"rendered":"<p>0 bouteilles C\u00e9pages : Gamay avec 40% de Pinot NoirD\u00e9gustation :\u00a014 \u00e0 16\u00b0CLong\u00e9vit\u00e9 : 2009-2012Prix :\u00a025.-\/bt (\u00e9puis\u00e9) Origine Cette cuv\u00e9e est issue de notre vigne de Sensine, \u00e0 Conthey, en Valais. Plus d\u2019informations concernant les vins PHUSIS ici. Notes de d\u00e9gustation Rubis franc, assez clair. Proche de la mise en bouteille, ce vin est encore [&hellip;]<\/p>\n","protected":false},"author":4,"featured_media":299,"parent":59,"menu_order":4,"comment_status":"open","ping_status":"closed","template":"elementor_theme","meta":{"_monsterinsights_skip_tracking":false,"_monsterinsights_sitenote_active":false,"_monsterinsights_sitenote_note":"","_monsterinsights_sitenote_category":0,"footnotes":""},"yoast_head":"<!-- This site is optimized with the Yoast SEO plugin v22.8 - https:\/\/yoast.com\/wordpress\/plugins\/seo\/ -->\n<title>gamay pinot noir 2008 - PHUSIS<\/title>\n<meta name=\"robots\" content=\"index, follow, max-snippet:-1, max-image-preview:large, max-video-preview:-1\" \/>\n<link rel=\"canonical\" href=\"https:\/\/www.phusis.ch\/vins\/accueil\/vins\/phusis-2-2008\/phusis-2-4\/\" \/>\n<meta property=\"og:locale\" content=\"fr_FR\" \/>\n<meta property=\"og:type\" content=\"article\" \/>\n<meta property=\"og:title\" content=\"gamay pinot noir 2008 - PHUSIS\" \/>\n<meta property=\"og:description\" content=\"0 bouteilles C\u00e9pages : Gamay avec 40% de Pinot NoirD\u00e9gustation :\u00a014 \u00e0 16\u00b0CLong\u00e9vit\u00e9 : 2009-2012Prix :\u00a025.-\/bt (\u00e9puis\u00e9) Origine Cette cuv\u00e9e est issue de notre vigne de Sensine, \u00e0 Conthey, en Valais. Plus d\u2019informations concernant les vins PHUSIS ici. Notes de d\u00e9gustation Rubis franc, assez clair. Proche de la mise en bouteille, ce vin est encore [&hellip;]\" \/>\n<meta property=\"og:url\" content=\"https:\/\/www.phusis.ch\/vins\/accueil\/vins\/phusis-2-2008\/phusis-2-4\/\" \/>\n<meta property=\"og:site_name\" content=\"PHUSIS\" \/>\n<meta property=\"article:modified_time\" content=\"2023-03-05T13:33:34+00:00\" \/>\n<meta property=\"og:image\" content=\"https:\/\/www.phusis.ch\/vins\/wp-content\/uploads\/2010\/05\/Photo2.4basse.jpg\" \/>\n\t<meta property=\"og:image:width\" content=\"200\" \/>\n\t<meta property=\"og:image:height\" content=\"150\" \/>\n\t<meta property=\"og:image:type\" content=\"image\/jpeg\" \/>\n<meta name=\"twitter:card\" content=\"summary_large_image\" \/>\n<meta name=\"twitter:label1\" content=\"Dur\u00e9e de lecture estim\u00e9e\" \/>\n\t<meta name=\"twitter:data1\" content=\"2 minutes\" \/>\n<script type=\"application\/ld+json\" class=\"yoast-schema-graph\">{\"@context\":\"https:\/\/schema.org\",\"@graph\":[{\"@type\":\"WebPage\",\"@id\":\"https:\/\/www.phusis.ch\/vins\/accueil\/vins\/phusis-2-2008\/phusis-2-4\/\",\"url\":\"https:\/\/www.phusis.ch\/vins\/accueil\/vins\/phusis-2-2008\/phusis-2-4\/\",\"name\":\"gamay pinot noir 2008 - PHUSIS\",\"isPartOf\":{\"@id\":\"http:\/\/www.phusis.ch\/vins\/#website\"},\"primaryImageOfPage\":{\"@id\":\"https:\/\/www.phusis.ch\/vins\/accueil\/vins\/phusis-2-2008\/phusis-2-4\/#primaryimage\"},\"image\":{\"@id\":\"https:\/\/www.phusis.ch\/vins\/accueil\/vins\/phusis-2-2008\/phusis-2-4\/#primaryimage\"},\"thumbnailUrl\":\"https:\/\/www.phusis.ch\/vins\/wp-content\/uploads\/2010\/05\/Photo2.4basse.jpg\",\"datePublished\":\"2010-05-02T07:22:33+00:00\",\"dateModified\":\"2023-03-05T13:33:34+00:00\",\"breadcrumb\":{\"@id\":\"https:\/\/www.phusis.ch\/vins\/accueil\/vins\/phusis-2-2008\/phusis-2-4\/#breadcrumb\"},\"inLanguage\":\"fr-FR\",\"potentialAction\":[{\"@type\":\"ReadAction\",\"target\":[\"https:\/\/www.phusis.ch\/vins\/accueil\/vins\/phusis-2-2008\/phusis-2-4\/\"]}]},{\"@type\":\"ImageObject\",\"inLanguage\":\"fr-FR\",\"@id\":\"https:\/\/www.phusis.ch\/vins\/accueil\/vins\/phusis-2-2008\/phusis-2-4\/#primaryimage\",\"url\":\"https:\/\/www.phusis.ch\/vins\/wp-content\/uploads\/2010\/05\/Photo2.4basse.jpg\",\"contentUrl\":\"https:\/\/www.phusis.ch\/vins\/wp-content\/uploads\/2010\/05\/Photo2.4basse.jpg\",\"width\":\"200\",\"height\":\"150\"},{\"@type\":\"BreadcrumbList\",\"@id\":\"https:\/\/www.phusis.ch\/vins\/accueil\/vins\/phusis-2-2008\/phusis-2-4\/#breadcrumb\",\"itemListElement\":[{\"@type\":\"ListItem\",\"position\":1,\"name\":\"Accueil\",\"item\":\"http:\/\/www.phusis.ch\/vins\/\"},{\"@type\":\"ListItem\",\"position\":2,\"name\":\"bienvenue sur phusis vins\",\"item\":\"http:\/\/www.phusis.ch\/vins\/\"},{\"@type\":\"ListItem\",\"position\":3,\"name\":\"nos vins\",\"item\":\"https:\/\/www.phusis.ch\/vins\/accueil\/vins\/\"},{\"@type\":\"ListItem\",\"position\":4,\"name\":\"mill\u00e9sime 2008\",\"item\":\"https:\/\/www.phusis.ch\/vins\/accueil\/vins\/phusis-2-2008\/\"},{\"@type\":\"ListItem\",\"position\":5,\"name\":\"gamay pinot noir 2008\"}]},{\"@type\":\"WebSite\",\"@id\":\"http:\/\/www.phusis.ch\/vins\/#website\",\"url\":\"http:\/\/www.phusis.ch\/vins\/\",\"name\":\"PHUSIS\",\"description\":\"Phusis | Une exp\u00e9rience du vin\",\"publisher\":{\"@id\":\"http:\/\/www.phusis.ch\/vins\/#organization\"},\"potentialAction\":[{\"@type\":\"SearchAction\",\"target\":{\"@type\":\"EntryPoint\",\"urlTemplate\":\"http:\/\/www.phusis.ch\/vins\/?s={search_term_string}\"},\"query-input\":\"required name=search_term_string\"}],\"inLanguage\":\"fr-FR\"},{\"@type\":\"Organization\",\"@id\":\"http:\/\/www.phusis.ch\/vins\/#organization\",\"name\":\"PHUSIS\",\"url\":\"http:\/\/www.phusis.ch\/vins\/\",\"logo\":{\"@type\":\"ImageObject\",\"inLanguage\":\"fr-FR\",\"@id\":\"http:\/\/www.phusis.ch\/vins\/#\/schema\/logo\/image\/\",\"url\":\"https:\/\/www.phusis.ch\/vins\/wp-content\/uploads\/2021\/06\/Oiseau-PHUSIS-Transparent-1024x1024-1.png\",\"contentUrl\":\"https:\/\/www.phusis.ch\/vins\/wp-content\/uploads\/2021\/06\/Oiseau-PHUSIS-Transparent-1024x1024-1.png\",\"width\":1024,\"height\":1024,\"caption\":\"PHUSIS\"},\"image\":{\"@id\":\"http:\/\/www.phusis.ch\/vins\/#\/schema\/logo\/image\/\"}}]}<\/script>\n<!-- \/ Yoast SEO plugin. -->","yoast_head_json":{"title":"gamay pinot noir 2008 - PHUSIS","robots":{"index":"index","follow":"follow","max-snippet":"max-snippet:-1","max-image-preview":"max-image-preview:large","max-video-preview":"max-video-preview:-1"},"canonical":"https:\/\/www.phusis.ch\/vins\/accueil\/vins\/phusis-2-2008\/phusis-2-4\/","og_locale":"fr_FR","og_type":"article","og_title":"gamay pinot noir 2008 - PHUSIS","og_description":"0 bouteilles C\u00e9pages : Gamay avec 40% de Pinot NoirD\u00e9gustation :\u00a014 \u00e0 16\u00b0CLong\u00e9vit\u00e9 : 2009-2012Prix :\u00a025.-\/bt (\u00e9puis\u00e9) Origine Cette cuv\u00e9e est issue de notre vigne de Sensine, \u00e0 Conthey, en Valais. Plus d\u2019informations concernant les vins PHUSIS ici. Notes de d\u00e9gustation Rubis franc, assez clair. Proche de la mise en bouteille, ce vin est encore [&hellip;]","og_url":"https:\/\/www.phusis.ch\/vins\/accueil\/vins\/phusis-2-2008\/phusis-2-4\/","og_site_name":"PHUSIS","article_modified_time":"2023-03-05T13:33:34+00:00","og_image":[{"width":"200","height":"150","url":"https:\/\/www.phusis.ch\/vins\/wp-content\/uploads\/2010\/05\/Photo2.4basse.jpg","type":"image\/jpeg"}],"twitter_card":"summary_large_image","twitter_misc":{"Dur\u00e9e de lecture estim\u00e9e":"2 minutes"},"schema":{"@context":"https:\/\/schema.org","@graph":[{"@type":"WebPage","@id":"https:\/\/www.phusis.ch\/vins\/accueil\/vins\/phusis-2-2008\/phusis-2-4\/","url":"https:\/\/www.phusis.ch\/vins\/accueil\/vins\/phusis-2-2008\/phusis-2-4\/","name":"gamay pinot noir 2008 - PHUSIS","isPartOf":{"@id":"http:\/\/www.phusis.ch\/vins\/#website"},"primaryImageOfPage":{"@id":"https:\/\/www.phusis.ch\/vins\/accueil\/vins\/phusis-2-2008\/phusis-2-4\/#primaryimage"},"image":{"@id":"https:\/\/www.phusis.ch\/vins\/accueil\/vins\/phusis-2-2008\/phusis-2-4\/#primaryimage"},"thumbnailUrl":"https:\/\/www.phusis.ch\/vins\/wp-content\/uploads\/2010\/05\/Photo2.4basse.jpg","datePublished":"2010-05-02T07:22:33+00:00","dateModified":"2023-03-05T13:33:34+00:00","breadcrumb":{"@id":"https:\/\/www.phusis.ch\/vins\/accueil\/vins\/phusis-2-2008\/phusis-2-4\/#breadcrumb"},"inLanguage":"fr-FR","potentialAction":[{"@type":"ReadAction","target":["https:\/\/www.phusis.ch\/vins\/accueil\/vins\/phusis-2-2008\/phusis-2-4\/"]}]},{"@type":"ImageObject","inLanguage":"fr-FR","@id":"https:\/\/www.phusis.ch\/vins\/accueil\/vins\/phusis-2-2008\/phusis-2-4\/#primaryimage","url":"https:\/\/www.phusis.ch\/vins\/wp-content\/uploads\/2010\/05\/Photo2.4basse.jpg","contentUrl":"https:\/\/www.phusis.ch\/vins\/wp-content\/uploads\/2010\/05\/Photo2.4basse.jpg","width":"200","height":"150"},{"@type":"BreadcrumbList","@id":"https:\/\/www.phusis.ch\/vins\/accueil\/vins\/phusis-2-2008\/phusis-2-4\/#breadcrumb","itemListElement":[{"@type":"ListItem","position":1,"name":"Accueil","item":"http:\/\/www.phusis.ch\/vins\/"},{"@type":"ListItem","position":2,"name":"bienvenue sur phusis vins","item":"http:\/\/www.phusis.ch\/vins\/"},{"@type":"ListItem","position":3,"name":"nos vins","item":"https:\/\/www.phusis.ch\/vins\/accueil\/vins\/"},{"@type":"ListItem","position":4,"name":"mill\u00e9sime 2008","item":"https:\/\/www.phusis.ch\/vins\/accueil\/vins\/phusis-2-2008\/"},{"@type":"ListItem","position":5,"name":"gamay pinot noir 2008"}]},{"@type":"WebSite","@id":"http:\/\/www.phusis.ch\/vins\/#website","url":"http:\/\/www.phusis.ch\/vins\/","name":"PHUSIS","description":"Phusis | Une exp\u00e9rience du vin","publisher":{"@id":"http:\/\/www.phusis.ch\/vins\/#organization"},"potentialAction":[{"@type":"SearchAction","target":{"@type":"EntryPoint","urlTemplate":"http:\/\/www.phusis.ch\/vins\/?s={search_term_string}"},"query-input":"required name=search_term_string"}],"inLanguage":"fr-FR"},{"@type":"Organization","@id":"http:\/\/www.phusis.ch\/vins\/#organization","name":"PHUSIS","url":"http:\/\/www.phusis.ch\/vins\/","logo":{"@type":"ImageObject","inLanguage":"fr-FR","@id":"http:\/\/www.phusis.ch\/vins\/#\/schema\/logo\/image\/","url":"https:\/\/www.phusis.ch\/vins\/wp-content\/uploads\/2021\/06\/Oiseau-PHUSIS-Transparent-1024x1024-1.png","contentUrl":"https:\/\/www.phusis.ch\/vins\/wp-content\/uploads\/2021\/06\/Oiseau-PHUSIS-Transparent-1024x1024-1.png","width":1024,"height":1024,"caption":"PHUSIS"},"image":{"@id":"http:\/\/www.phusis.ch\/vins\/#\/schema\/logo\/image\/"}}]}},"_links":{"self":[{"href":"https:\/\/www.phusis.ch\/vins\/wp-json\/wp\/v2\/pages\/134"}],"collection":[{"href":"https:\/\/www.phusis.ch\/vins\/wp-json\/wp\/v2\/pages"}],"about":[{"href":"https:\/\/www.phusis.ch\/vins\/wp-json\/wp\/v2\/types\/page"}],"author":[{"embeddable":true,"href":"https:\/\/www.phusis.ch\/vins\/wp-json\/wp\/v2\/users\/4"}],"replies":[{"embeddable":true,"href":"https:\/\/www.phusis.ch\/vins\/wp-json\/wp\/v2\/comments?post=134"}],"version-history":[{"count":34,"href":"https:\/\/www.phusis.ch\/vins\/wp-json\/wp\/v2\/pages\/134\/revisions"}],"predecessor-version":[{"id":11204,"href":"https:\/\/www.phusis.ch\/vins\/wp-json\/wp\/v2\/pages\/134\/revisions\/11204"}],"up":[{"embeddable":true,"href":"https:\/\/www.phusis.ch\/vins\/wp-json\/wp\/v2\/pages\/59"}],"wp:featuredmedia":[{"embeddable":true,"href":"https:\/\/www.phusis.ch\/vins\/wp-json\/wp\/v2\/media\/299"}],"wp:attachment":[{"href":"https:\/\/www.phusis.ch\/vins\/wp-json\/wp\/v2\/media?parent=134"}],"curies":[{"name":"wp","href":"https:\/\/api.w.org\/{rel}","templated":true}]}}