{"id":1840,"date":"2012-08-24T08:51:16","date_gmt":"2012-08-24T06:51:16","guid":{"rendered":"http:\/\/www.phusis.ch\/steve\/?page_id=1840"},"modified":"2024-01-10T17:56:55","modified_gmt":"2024-01-10T16:56:55","slug":"phusis-3-1-2","status":"publish","type":"page","link":"https:\/\/www.phusis.ch\/vins\/accueil\/vins\/phusis-3-2009\/phusis-3-1-2\/","title":{"rendered":"arvine extra-brut 2 mill\u00e9sime 2009"},"content":{"rendered":"\t\t<div data-elementor-type=\"wp-page\" data-elementor-id=\"1840\" class=\"elementor elementor-1840\" data-elementor-post-type=\"page\">\n\t\t\t\t\t\t<section class=\"has_ma_el_bg_slider elementor-section elementor-top-section elementor-element elementor-element-1443c4ed elementor-section-boxed elementor-section-height-default elementor-section-height-default jltma-glass-effect-no\" data-id=\"1443c4ed\" data-element_type=\"section\">\n\t\t\t\t\t\t<div class=\"elementor-container elementor-column-gap-default\">\n\t\t\t\t\t<div class=\"has_ma_el_bg_slider elementor-column elementor-col-100 elementor-top-column elementor-element elementor-element-65318f3c jltma-glass-effect-no\" data-id=\"65318f3c\" data-element_type=\"column\">\n\t\t\t<div class=\"elementor-widget-wrap elementor-element-populated\">\n\t\t\t\t\t\t<section class=\"has_ma_el_bg_slider elementor-section elementor-inner-section elementor-element elementor-element-46aba7e7 elementor-section-boxed elementor-section-height-default elementor-section-height-default jltma-glass-effect-no\" data-id=\"46aba7e7\" data-element_type=\"section\">\n\t\t\t\t\t\t<div class=\"elementor-container elementor-column-gap-default\">\n\t\t\t\t\t<div class=\"has_ma_el_bg_slider elementor-column elementor-col-33 elementor-inner-column elementor-element elementor-element-6dcf06ae jltma-glass-effect-no\" data-id=\"6dcf06ae\" data-element_type=\"column\">\n\t\t\t<div class=\"elementor-widget-wrap elementor-element-populated\">\n\t\t\t\t\t\t<div class=\"elementor-element elementor-element-63591b88 jltma-glass-effect-no elementor-widget elementor-widget-counter\" data-id=\"63591b88\" data-element_type=\"widget\" data-widget_type=\"counter.default\">\n\t\t\t\t<div class=\"elementor-widget-container\">\n\t\t\t\t\t<div class=\"elementor-counter\">\n\t\t\t<div class=\"elementor-counter-title\">bouteilles<\/div>\t\t\t<div class=\"elementor-counter-number-wrapper\">\n\t\t\t\t<span class=\"elementor-counter-number-prefix\"><\/span>\n\t\t\t\t<span class=\"elementor-counter-number\" data-duration=\"2000\" data-to-value=\"268\" data-from-value=\"0\" data-delimiter=\",\">0<\/span>\n\t\t\t\t<span class=\"elementor-counter-number-suffix\"><\/span>\n\t\t\t<\/div>\n\t\t<\/div>\n\t\t\t\t<\/div>\n\t\t\t\t<\/div>\n\t\t\t\t<div class=\"elementor-element elementor-element-656cd640 jltma-glass-effect-no elementor-widget elementor-widget-text-editor\" data-id=\"656cd640\" data-element_type=\"widget\" data-widget_type=\"text-editor.default\">\n\t\t\t\t<div class=\"elementor-widget-container\">\n\t\t\t\t\t\t\t<p><strong>C\u00e9page :<\/strong>\u00a0Petite Arvine<br \/><strong>D\u00e9gustation :<\/strong> 8 \u00e0 10\u00b0C<br \/><strong>Long\u00e9vit\u00e9<\/strong><strong> :<\/strong> 2012-2014<br \/><strong>Prix :<\/strong>\u00a035.-\/bt (\u00e9puis\u00e9)<\/p><h4><strong>Origine<\/strong><\/h4><p>Cette cuv\u00e9e est issue de notre vigne de Sensine, \u00e0 Conthey, en Valais. Plus d\u2019informations concernant les vins PHUSIS<span style=\"color: #000000;\"> <strong><a style=\"color: #000000;\" href=\"https:\/\/www.phusis.ch\/steve\/les-vignes\/\">ici<\/a><\/strong><\/span>.<\/p><h4><span style=\"font-weight: bolder;\">Notes de d\u00e9gustation<\/span><\/h4><p>Robe jaune clair \u00e0 reflets verts. Au nez, les familles empyreumatiques et fruit\u00e9es s\u2019entrem\u00ealent\u00a0: notes de noisette grill\u00e9e, de torr\u00e9faction, de fruits exotiques sur fin filigrane de miel de ch\u00e2taignier et de feuille verte. Bouche franche en attaque, sur une bulle d\u00e9licate, qui soutient bien le vin sans pour autant rester longtemps en bouche. Cela accentue la sensation de vin plus que d\u2019effervescent sur la finale, par ailleurs marqu\u00e9e par une fine amertume et des nuances rappelant le grapefruit et le citron confit (septembre 2012).<\/p>\t\t\t\t\t\t<\/div>\n\t\t\t\t<\/div>\n\t\t\t\t\t<\/div>\n\t\t<\/div>\n\t\t\t\t<div class=\"has_ma_el_bg_slider elementor-column elementor-col-33 elementor-inner-column elementor-element elementor-element-b547513 jltma-glass-effect-no\" data-id=\"b547513\" data-element_type=\"column\">\n\t\t\t<div class=\"elementor-widget-wrap elementor-element-populated\">\n\t\t\t\t\t\t<div class=\"elementor-element elementor-element-27780e42 jltma-glass-effect-no elementor-widget elementor-widget-image\" data-id=\"27780e42\" data-element_type=\"widget\" data-widget_type=\"image.default\">\n\t\t\t\t<div class=\"elementor-widget-container\">\n\t\t\t\t\t\t\t\t\t\t\t\t\t<img fetchpriority=\"high\" decoding=\"async\" width=\"711\" height=\"2621\" src=\"https:\/\/www.phusis.ch\/vins\/wp-content\/uploads\/2024\/01\/Fiche-vin-mousseux.png\" class=\"attachment-full size-full wp-image-12193\" alt=\"\" srcset=\"https:\/\/www.phusis.ch\/vins\/wp-content\/uploads\/2024\/01\/Fiche-vin-mousseux.png 711w, https:\/\/www.phusis.ch\/vins\/wp-content\/uploads\/2024\/01\/Fiche-vin-mousseux-81x300.png 81w, https:\/\/www.phusis.ch\/vins\/wp-content\/uploads\/2024\/01\/Fiche-vin-mousseux-278x1024.png 278w, https:\/\/www.phusis.ch\/vins\/wp-content\/uploads\/2024\/01\/Fiche-vin-mousseux-417x1536.png 417w\" sizes=\"(max-width: 711px) 100vw, 711px\" \/>\t\t\t\t\t\t\t\t\t\t\t\t\t<\/div>\n\t\t\t\t<\/div>\n\t\t\t\t\t<\/div>\n\t\t<\/div>\n\t\t\t\t<div class=\"has_ma_el_bg_slider elementor-column elementor-col-33 elementor-inner-column elementor-element elementor-element-13d78f45 jltma-glass-effect-no\" data-id=\"13d78f45\" data-element_type=\"column\">\n\t\t\t<div class=\"elementor-widget-wrap elementor-element-populated\">\n\t\t\t\t\t\t<div class=\"elementor-element elementor-element-3d979dd8 jltma-glass-effect-no elementor-widget elementor-widget-text-editor\" data-id=\"3d979dd8\" data-element_type=\"widget\" data-widget_type=\"text-editor.default\">\n\t\t\t\t<div class=\"elementor-widget-container\">\n\t\t\t\t\t\t\t<h4><span style=\"font-weight: bolder;\">Suggestions d&#8217;accords<\/span><\/h4><p style=\"font-family: 'Open Sans'; font-size: 15px; font-weight: 400;\">Ap\u00e9ritif. Po\u00eal\u00e9e de tricholomes de la Saint-Georges. Banquette de lotte aux morilles.<\/p><h4>vendange et vinification<\/h4><p><strong>A la vigne<\/strong><\/p><p>La parcelle d\u2019Arvine plant\u00e9e en 1997 est encore vigoureuse et donne, en 2009, une vendange assez abondante. Dans ce mill\u00e9sime \u00e0 l\u2019\u00e9tat sanitaire quasi parfait, la r\u00e9colte se fait pr\u00e9cocement (le 3 octobre), en tout d\u00e9but de maturit\u00e9.<\/p><p>Au pressoir, les t\u00eates et queues de pressurage sont soigneusement s\u00e9par\u00e9es, distill\u00e9es et \u00e9lev\u00e9es sous bois (rendez-vous dans quelques ann\u00e9es pour la d\u00e9gustation de cette eau-de-vie d\u2019Arvine\u2026).<\/p><p>Seul le c\u0153ur de la press\u00e9e est destin\u00e9 \u00e0 la m\u00e9thode champenoise.<\/p><p>La vinification se d\u00e9roule en cuve (fermentations alcoolique et malolactique) et l\u2019\u00e9levage se poursuit jusqu\u2019\u00e0 ce que le vin soit stable, au d\u00e9but du printemps 2010.<\/p><p>A partir de ce moment, s\u2019op\u00e8re la magie de la prise de mousse selon la m\u00e9thode champenoise.<\/p><p>Apr\u00e8s une ann\u00e9e sur lattes, la moiti\u00e9 de la cuv\u00e9e est d\u00e9gorg\u00e9e, sans ajout de liqueur d\u2019exp\u00e9dition et donne l&#8217;Extra Brut 1. L\u2019autre moiti\u00e9 poursuit son \u00e9levage sur lattes pour \u00eatre d\u00e9gorg\u00e9, toujours sans liqueur d\u2019exp\u00e9dition, en juillet 2012.<\/p><p>Tout comme l&#8217;Extra-Brut 1, l&#8217;Extra-Brut 2 est un \u00ab\u00a0brut z\u00e9ro\u00a0\u00bb. Mais \u00e0 la diff\u00e9rence du 1, le 2 a fait pr\u00e8s de 26 mois sur lattes.<\/p>\t\t\t\t\t\t<\/div>\n\t\t\t\t<\/div>\n\t\t\t\t\t<\/div>\n\t\t<\/div>\n\t\t\t\t\t<\/div>\n\t\t<\/section>\n\t\t\t\t\t<\/div>\n\t\t<\/div>\n\t\t\t\t\t<\/div>\n\t\t<\/section>\n\t\t\t\t<section class=\"has_ma_el_bg_slider elementor-section elementor-top-section elementor-element elementor-element-e63d495 elementor-section-boxed elementor-section-height-default elementor-section-height-default jltma-glass-effect-no\" data-id=\"e63d495\" data-element_type=\"section\">\n\t\t\t\t\t\t<div class=\"elementor-container elementor-column-gap-default\">\n\t\t\t\t\t<div class=\"has_ma_el_bg_slider elementor-column elementor-col-100 elementor-top-column elementor-element elementor-element-34b755ea jltma-glass-effect-no\" data-id=\"34b755ea\" data-element_type=\"column\">\n\t\t\t<div class=\"elementor-widget-wrap\">\n\t\t\t\t\t\t\t<\/div>\n\t\t<\/div>\n\t\t\t\t\t<\/div>\n\t\t<\/section>\n\t\t\t\t<\/div>\n\t\t\n\t\t\t<div style=\"clear: both; float: none;\" class=\"ratepost-clear\"><\/div>\n\t\t\t<div id=\"ratepost-1840\" class=\"ratepost\" rel=\"3\">\n\t\t\t\t\t<span class=\"rating3\"><div class=\"star1\" rel=\"1\"><\/div><div class=\"star2\" rel=\"2\"><\/div><div class=\"star3\" rel=\"3\"><\/div><div class=\"star4\" rel=\"4\"><\/div><div class=\"star5\" rel=\"5\"><\/div><\/span>\n\t\t\t\t<div class=\"status-info\"><\/div>\n\t\t<\/div><div style=\"clear: both; float: none;\" class=\"ratepost-clear\"><\/div>","protected":false},"excerpt":{"rendered":"<p>0 bouteilles C\u00e9page :\u00a0Petite ArvineD\u00e9gustation : 8 \u00e0 10\u00b0CLong\u00e9vit\u00e9 : 2012-2014Prix :\u00a035.-\/bt (\u00e9puis\u00e9) Origine Cette cuv\u00e9e est issue de notre vigne de Sensine, \u00e0 Conthey, en Valais. Plus d\u2019informations concernant les vins PHUSIS ici. Notes de d\u00e9gustation Robe jaune clair \u00e0 reflets verts. Au nez, les familles empyreumatiques et fruit\u00e9es s\u2019entrem\u00ealent\u00a0: notes de noisette grill\u00e9e, [&hellip;]<\/p>\n","protected":false},"author":3,"featured_media":1843,"parent":61,"menu_order":2,"comment_status":"open","ping_status":"closed","template":"elementor_theme","meta":{"_monsterinsights_skip_tracking":false,"_monsterinsights_sitenote_active":false,"_monsterinsights_sitenote_note":"","_monsterinsights_sitenote_category":0,"footnotes":""},"yoast_head":"<!-- This site is optimized with the Yoast SEO plugin v22.8 - https:\/\/yoast.com\/wordpress\/plugins\/seo\/ -->\n<title>arvine extra-brut 2 mill\u00e9sime 2009 - PHUSIS<\/title>\n<meta name=\"robots\" content=\"index, follow, max-snippet:-1, max-image-preview:large, max-video-preview:-1\" \/>\n<link rel=\"canonical\" href=\"https:\/\/www.phusis.ch\/vins\/accueil\/vins\/phusis-3-2009\/phusis-3-1-2\/\" \/>\n<meta property=\"og:locale\" content=\"fr_FR\" \/>\n<meta property=\"og:type\" content=\"article\" \/>\n<meta property=\"og:title\" content=\"arvine extra-brut 2 mill\u00e9sime 2009 - PHUSIS\" \/>\n<meta property=\"og:description\" content=\"0 bouteilles C\u00e9page :\u00a0Petite ArvineD\u00e9gustation : 8 \u00e0 10\u00b0CLong\u00e9vit\u00e9 : 2012-2014Prix :\u00a035.-\/bt (\u00e9puis\u00e9) Origine Cette cuv\u00e9e est issue de notre vigne de Sensine, \u00e0 Conthey, en Valais. Plus d\u2019informations concernant les vins PHUSIS ici. Notes de d\u00e9gustation Robe jaune clair \u00e0 reflets verts. Au nez, les familles empyreumatiques et fruit\u00e9es s\u2019entrem\u00ealent\u00a0: notes de noisette grill\u00e9e, [&hellip;]\" \/>\n<meta property=\"og:url\" content=\"https:\/\/www.phusis.ch\/vins\/accueil\/vins\/phusis-3-2009\/phusis-3-1-2\/\" \/>\n<meta property=\"og:site_name\" content=\"PHUSIS\" \/>\n<meta property=\"article:modified_time\" content=\"2024-01-10T16:56:55+00:00\" \/>\n<meta property=\"og:image\" content=\"https:\/\/www.phusis.ch\/vins\/wp-content\/uploads\/2012\/08\/photo3.1.2.jpg\" \/>\n\t<meta property=\"og:image:width\" content=\"500\" \/>\n\t<meta property=\"og:image:height\" content=\"333\" \/>\n\t<meta property=\"og:image:type\" content=\"image\/jpeg\" \/>\n<meta name=\"twitter:card\" content=\"summary_large_image\" \/>\n<meta name=\"twitter:label1\" content=\"Dur\u00e9e de lecture estim\u00e9e\" \/>\n\t<meta name=\"twitter:data1\" content=\"2 minutes\" \/>\n<script type=\"application\/ld+json\" class=\"yoast-schema-graph\">{\"@context\":\"https:\/\/schema.org\",\"@graph\":[{\"@type\":\"WebPage\",\"@id\":\"https:\/\/www.phusis.ch\/vins\/accueil\/vins\/phusis-3-2009\/phusis-3-1-2\/\",\"url\":\"https:\/\/www.phusis.ch\/vins\/accueil\/vins\/phusis-3-2009\/phusis-3-1-2\/\",\"name\":\"arvine extra-brut 2 mill\u00e9sime 2009 - PHUSIS\",\"isPartOf\":{\"@id\":\"http:\/\/www.phusis.ch\/vins\/#website\"},\"primaryImageOfPage\":{\"@id\":\"https:\/\/www.phusis.ch\/vins\/accueil\/vins\/phusis-3-2009\/phusis-3-1-2\/#primaryimage\"},\"image\":{\"@id\":\"https:\/\/www.phusis.ch\/vins\/accueil\/vins\/phusis-3-2009\/phusis-3-1-2\/#primaryimage\"},\"thumbnailUrl\":\"https:\/\/www.phusis.ch\/vins\/wp-content\/uploads\/2012\/08\/photo3.1.2.jpg\",\"datePublished\":\"2012-08-24T06:51:16+00:00\",\"dateModified\":\"2024-01-10T16:56:55+00:00\",\"breadcrumb\":{\"@id\":\"https:\/\/www.phusis.ch\/vins\/accueil\/vins\/phusis-3-2009\/phusis-3-1-2\/#breadcrumb\"},\"inLanguage\":\"fr-FR\",\"potentialAction\":[{\"@type\":\"ReadAction\",\"target\":[\"https:\/\/www.phusis.ch\/vins\/accueil\/vins\/phusis-3-2009\/phusis-3-1-2\/\"]}]},{\"@type\":\"ImageObject\",\"inLanguage\":\"fr-FR\",\"@id\":\"https:\/\/www.phusis.ch\/vins\/accueil\/vins\/phusis-3-2009\/phusis-3-1-2\/#primaryimage\",\"url\":\"https:\/\/www.phusis.ch\/vins\/wp-content\/uploads\/2012\/08\/photo3.1.2.jpg\",\"contentUrl\":\"https:\/\/www.phusis.ch\/vins\/wp-content\/uploads\/2012\/08\/photo3.1.2.jpg\",\"width\":\"500\",\"height\":\"333\"},{\"@type\":\"BreadcrumbList\",\"@id\":\"https:\/\/www.phusis.ch\/vins\/accueil\/vins\/phusis-3-2009\/phusis-3-1-2\/#breadcrumb\",\"itemListElement\":[{\"@type\":\"ListItem\",\"position\":1,\"name\":\"Accueil\",\"item\":\"http:\/\/www.phusis.ch\/vins\/\"},{\"@type\":\"ListItem\",\"position\":2,\"name\":\"bienvenue sur phusis vins\",\"item\":\"http:\/\/www.phusis.ch\/vins\/\"},{\"@type\":\"ListItem\",\"position\":3,\"name\":\"nos vins\",\"item\":\"http:\/\/www.phusis.ch\/vins\/accueil\/vins\/\"},{\"@type\":\"ListItem\",\"position\":4,\"name\":\"mill\u00e9sime 2009\",\"item\":\"http:\/\/www.phusis.ch\/vins\/accueil\/vins\/phusis-3-2009\/\"},{\"@type\":\"ListItem\",\"position\":5,\"name\":\"arvine extra-brut 2 mill\u00e9sime 2009\"}]},{\"@type\":\"WebSite\",\"@id\":\"http:\/\/www.phusis.ch\/vins\/#website\",\"url\":\"http:\/\/www.phusis.ch\/vins\/\",\"name\":\"PHUSIS\",\"description\":\"Phusis | Une exp\u00e9rience du vin\",\"publisher\":{\"@id\":\"http:\/\/www.phusis.ch\/vins\/#organization\"},\"potentialAction\":[{\"@type\":\"SearchAction\",\"target\":{\"@type\":\"EntryPoint\",\"urlTemplate\":\"http:\/\/www.phusis.ch\/vins\/?s={search_term_string}\"},\"query-input\":\"required name=search_term_string\"}],\"inLanguage\":\"fr-FR\"},{\"@type\":\"Organization\",\"@id\":\"http:\/\/www.phusis.ch\/vins\/#organization\",\"name\":\"PHUSIS\",\"url\":\"http:\/\/www.phusis.ch\/vins\/\",\"logo\":{\"@type\":\"ImageObject\",\"inLanguage\":\"fr-FR\",\"@id\":\"http:\/\/www.phusis.ch\/vins\/#\/schema\/logo\/image\/\",\"url\":\"https:\/\/www.phusis.ch\/vins\/wp-content\/uploads\/2021\/06\/Oiseau-PHUSIS-Transparent-1024x1024-1.png\",\"contentUrl\":\"https:\/\/www.phusis.ch\/vins\/wp-content\/uploads\/2021\/06\/Oiseau-PHUSIS-Transparent-1024x1024-1.png\",\"width\":1024,\"height\":1024,\"caption\":\"PHUSIS\"},\"image\":{\"@id\":\"http:\/\/www.phusis.ch\/vins\/#\/schema\/logo\/image\/\"}}]}<\/script>\n<!-- \/ Yoast SEO plugin. -->","yoast_head_json":{"title":"arvine extra-brut 2 mill\u00e9sime 2009 - PHUSIS","robots":{"index":"index","follow":"follow","max-snippet":"max-snippet:-1","max-image-preview":"max-image-preview:large","max-video-preview":"max-video-preview:-1"},"canonical":"https:\/\/www.phusis.ch\/vins\/accueil\/vins\/phusis-3-2009\/phusis-3-1-2\/","og_locale":"fr_FR","og_type":"article","og_title":"arvine extra-brut 2 mill\u00e9sime 2009 - PHUSIS","og_description":"0 bouteilles C\u00e9page :\u00a0Petite ArvineD\u00e9gustation : 8 \u00e0 10\u00b0CLong\u00e9vit\u00e9 : 2012-2014Prix :\u00a035.-\/bt (\u00e9puis\u00e9) Origine Cette cuv\u00e9e est issue de notre vigne de Sensine, \u00e0 Conthey, en Valais. Plus d\u2019informations concernant les vins PHUSIS ici. Notes de d\u00e9gustation Robe jaune clair \u00e0 reflets verts. Au nez, les familles empyreumatiques et fruit\u00e9es s\u2019entrem\u00ealent\u00a0: notes de noisette grill\u00e9e, [&hellip;]","og_url":"https:\/\/www.phusis.ch\/vins\/accueil\/vins\/phusis-3-2009\/phusis-3-1-2\/","og_site_name":"PHUSIS","article_modified_time":"2024-01-10T16:56:55+00:00","og_image":[{"width":"500","height":"333","url":"https:\/\/www.phusis.ch\/vins\/wp-content\/uploads\/2012\/08\/photo3.1.2.jpg","type":"image\/jpeg"}],"twitter_card":"summary_large_image","twitter_misc":{"Dur\u00e9e de lecture estim\u00e9e":"2 minutes"},"schema":{"@context":"https:\/\/schema.org","@graph":[{"@type":"WebPage","@id":"https:\/\/www.phusis.ch\/vins\/accueil\/vins\/phusis-3-2009\/phusis-3-1-2\/","url":"https:\/\/www.phusis.ch\/vins\/accueil\/vins\/phusis-3-2009\/phusis-3-1-2\/","name":"arvine extra-brut 2 mill\u00e9sime 2009 - PHUSIS","isPartOf":{"@id":"http:\/\/www.phusis.ch\/vins\/#website"},"primaryImageOfPage":{"@id":"https:\/\/www.phusis.ch\/vins\/accueil\/vins\/phusis-3-2009\/phusis-3-1-2\/#primaryimage"},"image":{"@id":"https:\/\/www.phusis.ch\/vins\/accueil\/vins\/phusis-3-2009\/phusis-3-1-2\/#primaryimage"},"thumbnailUrl":"https:\/\/www.phusis.ch\/vins\/wp-content\/uploads\/2012\/08\/photo3.1.2.jpg","datePublished":"2012-08-24T06:51:16+00:00","dateModified":"2024-01-10T16:56:55+00:00","breadcrumb":{"@id":"https:\/\/www.phusis.ch\/vins\/accueil\/vins\/phusis-3-2009\/phusis-3-1-2\/#breadcrumb"},"inLanguage":"fr-FR","potentialAction":[{"@type":"ReadAction","target":["https:\/\/www.phusis.ch\/vins\/accueil\/vins\/phusis-3-2009\/phusis-3-1-2\/"]}]},{"@type":"ImageObject","inLanguage":"fr-FR","@id":"https:\/\/www.phusis.ch\/vins\/accueil\/vins\/phusis-3-2009\/phusis-3-1-2\/#primaryimage","url":"https:\/\/www.phusis.ch\/vins\/wp-content\/uploads\/2012\/08\/photo3.1.2.jpg","contentUrl":"https:\/\/www.phusis.ch\/vins\/wp-content\/uploads\/2012\/08\/photo3.1.2.jpg","width":"500","height":"333"},{"@type":"BreadcrumbList","@id":"https:\/\/www.phusis.ch\/vins\/accueil\/vins\/phusis-3-2009\/phusis-3-1-2\/#breadcrumb","itemListElement":[{"@type":"ListItem","position":1,"name":"Accueil","item":"http:\/\/www.phusis.ch\/vins\/"},{"@type":"ListItem","position":2,"name":"bienvenue sur phusis vins","item":"http:\/\/www.phusis.ch\/vins\/"},{"@type":"ListItem","position":3,"name":"nos vins","item":"http:\/\/www.phusis.ch\/vins\/accueil\/vins\/"},{"@type":"ListItem","position":4,"name":"mill\u00e9sime 2009","item":"http:\/\/www.phusis.ch\/vins\/accueil\/vins\/phusis-3-2009\/"},{"@type":"ListItem","position":5,"name":"arvine extra-brut 2 mill\u00e9sime 2009"}]},{"@type":"WebSite","@id":"http:\/\/www.phusis.ch\/vins\/#website","url":"http:\/\/www.phusis.ch\/vins\/","name":"PHUSIS","description":"Phusis | Une exp\u00e9rience du vin","publisher":{"@id":"http:\/\/www.phusis.ch\/vins\/#organization"},"potentialAction":[{"@type":"SearchAction","target":{"@type":"EntryPoint","urlTemplate":"http:\/\/www.phusis.ch\/vins\/?s={search_term_string}"},"query-input":"required name=search_term_string"}],"inLanguage":"fr-FR"},{"@type":"Organization","@id":"http:\/\/www.phusis.ch\/vins\/#organization","name":"PHUSIS","url":"http:\/\/www.phusis.ch\/vins\/","logo":{"@type":"ImageObject","inLanguage":"fr-FR","@id":"http:\/\/www.phusis.ch\/vins\/#\/schema\/logo\/image\/","url":"https:\/\/www.phusis.ch\/vins\/wp-content\/uploads\/2021\/06\/Oiseau-PHUSIS-Transparent-1024x1024-1.png","contentUrl":"https:\/\/www.phusis.ch\/vins\/wp-content\/uploads\/2021\/06\/Oiseau-PHUSIS-Transparent-1024x1024-1.png","width":1024,"height":1024,"caption":"PHUSIS"},"image":{"@id":"http:\/\/www.phusis.ch\/vins\/#\/schema\/logo\/image\/"}}]}},"_links":{"self":[{"href":"https:\/\/www.phusis.ch\/vins\/wp-json\/wp\/v2\/pages\/1840"}],"collection":[{"href":"https:\/\/www.phusis.ch\/vins\/wp-json\/wp\/v2\/pages"}],"about":[{"href":"https:\/\/www.phusis.ch\/vins\/wp-json\/wp\/v2\/types\/page"}],"author":[{"embeddable":true,"href":"https:\/\/www.phusis.ch\/vins\/wp-json\/wp\/v2\/users\/3"}],"replies":[{"embeddable":true,"href":"https:\/\/www.phusis.ch\/vins\/wp-json\/wp\/v2\/comments?post=1840"}],"version-history":[{"count":42,"href":"https:\/\/www.phusis.ch\/vins\/wp-json\/wp\/v2\/pages\/1840\/revisions"}],"predecessor-version":[{"id":12202,"href":"https:\/\/www.phusis.ch\/vins\/wp-json\/wp\/v2\/pages\/1840\/revisions\/12202"}],"up":[{"embeddable":true,"href":"https:\/\/www.phusis.ch\/vins\/wp-json\/wp\/v2\/pages\/61"}],"wp:featuredmedia":[{"embeddable":true,"href":"https:\/\/www.phusis.ch\/vins\/wp-json\/wp\/v2\/media\/1843"}],"wp:attachment":[{"href":"https:\/\/www.phusis.ch\/vins\/wp-json\/wp\/v2\/media?parent=1840"}],"curies":[{"name":"wp","href":"https:\/\/api.w.org\/{rel}","templated":true}]}}