{"id":879,"date":"2011-09-08T20:09:45","date_gmt":"2011-09-08T18:09:45","guid":{"rendered":"http:\/\/www.phusis.ch\/steve\/?page_id=879"},"modified":"2023-03-06T09:24:49","modified_gmt":"2023-03-06T08:24:49","slug":"le-clos-du-mormont","status":"publish","type":"page","link":"https:\/\/www.phusis.ch\/vins\/les-vignes\/le-clos-du-mormont\/","title":{"rendered":"le clos du mormont"},"content":{"rendered":"<p><a href=\"http:\/\/www.phusis.ch\/vins\/wp-content\/uploads\/2011\/09\/closmormont1.jpg\"><img fetchpriority=\"high\" decoding=\"async\" class=\"alignright size-medium wp-image-881\" title=\"closmormont\" src=\"http:\/\/www.phusis.ch\/vins\/wp-content\/uploads\/2011\/09\/closmormont1-300x225.jpg\" alt=\"\" width=\"300\" height=\"225\" srcset=\"https:\/\/www.phusis.ch\/vins\/wp-content\/uploads\/2011\/09\/closmormont1-300x225.jpg 300w, https:\/\/www.phusis.ch\/vins\/wp-content\/uploads\/2011\/09\/closmormont1-1024x768.jpg 1024w, https:\/\/www.phusis.ch\/vins\/wp-content\/uploads\/2011\/09\/closmormont1.jpg 1200w\" sizes=\"(max-width: 300px) 100vw, 300px\" \/><\/a>Colline calcaire, le Mormont se trouve entre la Venoge et l\u2019Orbe, \u00e0 cheval sur les communes de la Sarraz et d\u2019Ecl\u00e9pens. Situ\u00e9 en plein milieu d\u2019une faille g\u00e9ologique, le monticule s\u2019est \u00e9rig\u00e9 lors de la formation de la cha\u00eene du Jura. Fr\u00e9quent\u00e9 depuis le n\u00e9olithique, il est le th\u00e9\u00e2tre, \u00e0 l\u2019\u00e9poque celtique, de c\u00e9r\u00e9monies sacr\u00e9es qui en faisait un mont des morts, d\u2019o\u00f9 son nom. A moins que ce dernier ne vienne de <em>more <\/em>qui signifie tertre en gaulois\u2026<\/p>\n<p>Sur son coteau expos\u00e9 au Sud-Ouest, il abrite un vignoble dont on retrouve mention en 814 d\u00e9j\u00e0\u2026 A cette \u00e9poque, la r\u00e9gion d\u00e9pend du couvent de Romainm\u00f4tier et fait partie de la Bourgogne transjurane.<\/p>\n<p>La grande partie du vignoble est situ\u00e9e en fin de coteau\u00a0: c\u2019est le vignoble du Ch\u00e2teau d\u2019Ecl\u00e9pens. Au dessus, en haut de coteau, un petit parchet pentu et ceint de m\u00fbrs\u00a0:\u00a0 le Clos du Mormont, grand de 27 ares, exclusivement plant\u00e9s en Pinot Noir. Le sol est constitu\u00e9 d\u2019une fine couche de terre sur sous-sol de roche calcaire jaune, parfois quasiment affleurante.<\/p>\n\n\t\t\t<div style=\"clear: both; float: none;\" class=\"ratepost-clear\"><\/div>\n\t\t\t<div id=\"ratepost-879\" class=\"ratepost\" rel=\"3\">\n\t\t\t\t\t<span class=\"rating3\"><div class=\"star1\" rel=\"1\"><\/div><div class=\"star2\" rel=\"2\"><\/div><div class=\"star3\" rel=\"3\"><\/div><div class=\"star4\" rel=\"4\"><\/div><div class=\"star5\" rel=\"5\"><\/div><\/span>\n\t\t\t\t<div class=\"status-info\"><\/div>\n\t\t<\/div><div style=\"clear: both; float: none;\" class=\"ratepost-clear\"><\/div>","protected":false},"excerpt":{"rendered":"<p>Colline calcaire, le Mormont se trouve entre la Venoge et l\u2019Orbe, \u00e0 cheval sur les communes de la Sarraz et d\u2019Ecl\u00e9pens. Situ\u00e9 en plein milieu d\u2019une faille g\u00e9ologique, le monticule s\u2019est \u00e9rig\u00e9 lors de la formation de la cha\u00eene du Jura. Fr\u00e9quent\u00e9 depuis le n\u00e9olithique, il est le th\u00e9\u00e2tre, \u00e0 l\u2019\u00e9poque celtique, de c\u00e9r\u00e9monies sacr\u00e9es [&hellip;]<\/p>\n","protected":false},"author":4,"featured_media":0,"parent":2603,"menu_order":2,"comment_status":"closed","ping_status":"closed","template":"","meta":{"_monsterinsights_skip_tracking":false,"_monsterinsights_sitenote_active":false,"_monsterinsights_sitenote_note":"","_monsterinsights_sitenote_category":0,"footnotes":""},"yoast_head":"<!-- This site is optimized with the Yoast SEO plugin v22.8 - https:\/\/yoast.com\/wordpress\/plugins\/seo\/ -->\n<title>le clos du mormont - PHUSIS<\/title>\n<meta name=\"robots\" content=\"index, follow, max-snippet:-1, max-image-preview:large, max-video-preview:-1\" \/>\n<link rel=\"canonical\" href=\"https:\/\/www.phusis.ch\/vins\/les-vignes\/le-clos-du-mormont\/\" \/>\n<meta property=\"og:locale\" content=\"fr_FR\" \/>\n<meta property=\"og:type\" content=\"article\" \/>\n<meta property=\"og:title\" content=\"le clos du mormont - PHUSIS\" \/>\n<meta property=\"og:description\" content=\"Colline calcaire, le Mormont se trouve entre la Venoge et l\u2019Orbe, \u00e0 cheval sur les communes de la Sarraz et d\u2019Ecl\u00e9pens. Situ\u00e9 en plein milieu d\u2019une faille g\u00e9ologique, le monticule s\u2019est \u00e9rig\u00e9 lors de la formation de la cha\u00eene du Jura. Fr\u00e9quent\u00e9 depuis le n\u00e9olithique, il est le th\u00e9\u00e2tre, \u00e0 l\u2019\u00e9poque celtique, de c\u00e9r\u00e9monies sacr\u00e9es [&hellip;]\" \/>\n<meta property=\"og:url\" content=\"https:\/\/www.phusis.ch\/vins\/les-vignes\/le-clos-du-mormont\/\" \/>\n<meta property=\"og:site_name\" content=\"PHUSIS\" \/>\n<meta property=\"article:modified_time\" content=\"2023-03-06T08:24:49+00:00\" \/>\n<meta property=\"og:image\" content=\"http:\/\/www.phusis.ch\/vins\/wp-content\/uploads\/2011\/09\/closmormont1-300x225.jpg\" \/>\n<meta name=\"twitter:card\" content=\"summary_large_image\" \/>\n<meta name=\"twitter:label1\" content=\"Dur\u00e9e de lecture estim\u00e9e\" \/>\n\t<meta name=\"twitter:data1\" content=\"1 minute\" \/>\n<script type=\"application\/ld+json\" class=\"yoast-schema-graph\">{\"@context\":\"https:\/\/schema.org\",\"@graph\":[{\"@type\":\"WebPage\",\"@id\":\"https:\/\/www.phusis.ch\/vins\/les-vignes\/le-clos-du-mormont\/\",\"url\":\"https:\/\/www.phusis.ch\/vins\/les-vignes\/le-clos-du-mormont\/\",\"name\":\"le clos du mormont - PHUSIS\",\"isPartOf\":{\"@id\":\"http:\/\/www.phusis.ch\/vins\/#website\"},\"primaryImageOfPage\":{\"@id\":\"https:\/\/www.phusis.ch\/vins\/les-vignes\/le-clos-du-mormont\/#primaryimage\"},\"image\":{\"@id\":\"https:\/\/www.phusis.ch\/vins\/les-vignes\/le-clos-du-mormont\/#primaryimage\"},\"thumbnailUrl\":\"http:\/\/www.phusis.ch\/vins\/wp-content\/uploads\/2011\/09\/closmormont1-300x225.jpg\",\"datePublished\":\"2011-09-08T18:09:45+00:00\",\"dateModified\":\"2023-03-06T08:24:49+00:00\",\"breadcrumb\":{\"@id\":\"https:\/\/www.phusis.ch\/vins\/les-vignes\/le-clos-du-mormont\/#breadcrumb\"},\"inLanguage\":\"fr-FR\",\"potentialAction\":[{\"@type\":\"ReadAction\",\"target\":[\"https:\/\/www.phusis.ch\/vins\/les-vignes\/le-clos-du-mormont\/\"]}]},{\"@type\":\"ImageObject\",\"inLanguage\":\"fr-FR\",\"@id\":\"https:\/\/www.phusis.ch\/vins\/les-vignes\/le-clos-du-mormont\/#primaryimage\",\"url\":\"http:\/\/www.phusis.ch\/vins\/wp-content\/uploads\/2011\/09\/closmormont1-300x225.jpg\",\"contentUrl\":\"http:\/\/www.phusis.ch\/vins\/wp-content\/uploads\/2011\/09\/closmormont1-300x225.jpg\"},{\"@type\":\"BreadcrumbList\",\"@id\":\"https:\/\/www.phusis.ch\/vins\/les-vignes\/le-clos-du-mormont\/#breadcrumb\",\"itemListElement\":[{\"@type\":\"ListItem\",\"position\":1,\"name\":\"Accueil\",\"item\":\"http:\/\/www.phusis.ch\/vins\/\"},{\"@type\":\"ListItem\",\"position\":2,\"name\":\"nos vignes\",\"item\":\"https:\/\/www.phusis.ch\/vins\/les-vignes\/\"},{\"@type\":\"ListItem\",\"position\":3,\"name\":\"le clos du mormont\"}]},{\"@type\":\"WebSite\",\"@id\":\"http:\/\/www.phusis.ch\/vins\/#website\",\"url\":\"http:\/\/www.phusis.ch\/vins\/\",\"name\":\"PHUSIS\",\"description\":\"Phusis | Une exp\u00e9rience du vin\",\"publisher\":{\"@id\":\"http:\/\/www.phusis.ch\/vins\/#organization\"},\"potentialAction\":[{\"@type\":\"SearchAction\",\"target\":{\"@type\":\"EntryPoint\",\"urlTemplate\":\"http:\/\/www.phusis.ch\/vins\/?s={search_term_string}\"},\"query-input\":\"required name=search_term_string\"}],\"inLanguage\":\"fr-FR\"},{\"@type\":\"Organization\",\"@id\":\"http:\/\/www.phusis.ch\/vins\/#organization\",\"name\":\"PHUSIS\",\"url\":\"http:\/\/www.phusis.ch\/vins\/\",\"logo\":{\"@type\":\"ImageObject\",\"inLanguage\":\"fr-FR\",\"@id\":\"http:\/\/www.phusis.ch\/vins\/#\/schema\/logo\/image\/\",\"url\":\"https:\/\/www.phusis.ch\/vins\/wp-content\/uploads\/2021\/06\/Oiseau-PHUSIS-Transparent-1024x1024-1.png\",\"contentUrl\":\"https:\/\/www.phusis.ch\/vins\/wp-content\/uploads\/2021\/06\/Oiseau-PHUSIS-Transparent-1024x1024-1.png\",\"width\":1024,\"height\":1024,\"caption\":\"PHUSIS\"},\"image\":{\"@id\":\"http:\/\/www.phusis.ch\/vins\/#\/schema\/logo\/image\/\"}}]}<\/script>\n<!-- \/ Yoast SEO plugin. -->","yoast_head_json":{"title":"le clos du mormont - PHUSIS","robots":{"index":"index","follow":"follow","max-snippet":"max-snippet:-1","max-image-preview":"max-image-preview:large","max-video-preview":"max-video-preview:-1"},"canonical":"https:\/\/www.phusis.ch\/vins\/les-vignes\/le-clos-du-mormont\/","og_locale":"fr_FR","og_type":"article","og_title":"le clos du mormont - PHUSIS","og_description":"Colline calcaire, le Mormont se trouve entre la Venoge et l\u2019Orbe, \u00e0 cheval sur les communes de la Sarraz et d\u2019Ecl\u00e9pens. Situ\u00e9 en plein milieu d\u2019une faille g\u00e9ologique, le monticule s\u2019est \u00e9rig\u00e9 lors de la formation de la cha\u00eene du Jura. Fr\u00e9quent\u00e9 depuis le n\u00e9olithique, il est le th\u00e9\u00e2tre, \u00e0 l\u2019\u00e9poque celtique, de c\u00e9r\u00e9monies sacr\u00e9es [&hellip;]","og_url":"https:\/\/www.phusis.ch\/vins\/les-vignes\/le-clos-du-mormont\/","og_site_name":"PHUSIS","article_modified_time":"2023-03-06T08:24:49+00:00","og_image":[{"url":"http:\/\/www.phusis.ch\/vins\/wp-content\/uploads\/2011\/09\/closmormont1-300x225.jpg"}],"twitter_card":"summary_large_image","twitter_misc":{"Dur\u00e9e de lecture estim\u00e9e":"1 minute"},"schema":{"@context":"https:\/\/schema.org","@graph":[{"@type":"WebPage","@id":"https:\/\/www.phusis.ch\/vins\/les-vignes\/le-clos-du-mormont\/","url":"https:\/\/www.phusis.ch\/vins\/les-vignes\/le-clos-du-mormont\/","name":"le clos du mormont - PHUSIS","isPartOf":{"@id":"http:\/\/www.phusis.ch\/vins\/#website"},"primaryImageOfPage":{"@id":"https:\/\/www.phusis.ch\/vins\/les-vignes\/le-clos-du-mormont\/#primaryimage"},"image":{"@id":"https:\/\/www.phusis.ch\/vins\/les-vignes\/le-clos-du-mormont\/#primaryimage"},"thumbnailUrl":"http:\/\/www.phusis.ch\/vins\/wp-content\/uploads\/2011\/09\/closmormont1-300x225.jpg","datePublished":"2011-09-08T18:09:45+00:00","dateModified":"2023-03-06T08:24:49+00:00","breadcrumb":{"@id":"https:\/\/www.phusis.ch\/vins\/les-vignes\/le-clos-du-mormont\/#breadcrumb"},"inLanguage":"fr-FR","potentialAction":[{"@type":"ReadAction","target":["https:\/\/www.phusis.ch\/vins\/les-vignes\/le-clos-du-mormont\/"]}]},{"@type":"ImageObject","inLanguage":"fr-FR","@id":"https:\/\/www.phusis.ch\/vins\/les-vignes\/le-clos-du-mormont\/#primaryimage","url":"http:\/\/www.phusis.ch\/vins\/wp-content\/uploads\/2011\/09\/closmormont1-300x225.jpg","contentUrl":"http:\/\/www.phusis.ch\/vins\/wp-content\/uploads\/2011\/09\/closmormont1-300x225.jpg"},{"@type":"BreadcrumbList","@id":"https:\/\/www.phusis.ch\/vins\/les-vignes\/le-clos-du-mormont\/#breadcrumb","itemListElement":[{"@type":"ListItem","position":1,"name":"Accueil","item":"http:\/\/www.phusis.ch\/vins\/"},{"@type":"ListItem","position":2,"name":"nos vignes","item":"https:\/\/www.phusis.ch\/vins\/les-vignes\/"},{"@type":"ListItem","position":3,"name":"le clos du mormont"}]},{"@type":"WebSite","@id":"http:\/\/www.phusis.ch\/vins\/#website","url":"http:\/\/www.phusis.ch\/vins\/","name":"PHUSIS","description":"Phusis | Une exp\u00e9rience du vin","publisher":{"@id":"http:\/\/www.phusis.ch\/vins\/#organization"},"potentialAction":[{"@type":"SearchAction","target":{"@type":"EntryPoint","urlTemplate":"http:\/\/www.phusis.ch\/vins\/?s={search_term_string}"},"query-input":"required name=search_term_string"}],"inLanguage":"fr-FR"},{"@type":"Organization","@id":"http:\/\/www.phusis.ch\/vins\/#organization","name":"PHUSIS","url":"http:\/\/www.phusis.ch\/vins\/","logo":{"@type":"ImageObject","inLanguage":"fr-FR","@id":"http:\/\/www.phusis.ch\/vins\/#\/schema\/logo\/image\/","url":"https:\/\/www.phusis.ch\/vins\/wp-content\/uploads\/2021\/06\/Oiseau-PHUSIS-Transparent-1024x1024-1.png","contentUrl":"https:\/\/www.phusis.ch\/vins\/wp-content\/uploads\/2021\/06\/Oiseau-PHUSIS-Transparent-1024x1024-1.png","width":1024,"height":1024,"caption":"PHUSIS"},"image":{"@id":"http:\/\/www.phusis.ch\/vins\/#\/schema\/logo\/image\/"}}]}},"_links":{"self":[{"href":"https:\/\/www.phusis.ch\/vins\/wp-json\/wp\/v2\/pages\/879"}],"collection":[{"href":"https:\/\/www.phusis.ch\/vins\/wp-json\/wp\/v2\/pages"}],"about":[{"href":"https:\/\/www.phusis.ch\/vins\/wp-json\/wp\/v2\/types\/page"}],"author":[{"embeddable":true,"href":"https:\/\/www.phusis.ch\/vins\/wp-json\/wp\/v2\/users\/4"}],"replies":[{"embeddable":true,"href":"https:\/\/www.phusis.ch\/vins\/wp-json\/wp\/v2\/comments?post=879"}],"version-history":[{"count":3,"href":"https:\/\/www.phusis.ch\/vins\/wp-json\/wp\/v2\/pages\/879\/revisions"}],"predecessor-version":[{"id":11387,"href":"https:\/\/www.phusis.ch\/vins\/wp-json\/wp\/v2\/pages\/879\/revisions\/11387"}],"up":[{"embeddable":true,"href":"https:\/\/www.phusis.ch\/vins\/wp-json\/wp\/v2\/pages\/2603"}],"wp:attachment":[{"href":"https:\/\/www.phusis.ch\/vins\/wp-json\/wp\/v2\/media?parent=879"}],"curies":[{"name":"wp","href":"https:\/\/api.w.org\/{rel}","templated":true}]}}

<p><a href="http://www.phusis.ch/vins/wp-content/uploads/2011/09/closmormont1.jpg"><img fetchpriority="high" decoding="async" class="alignright size-medium wp-image-881" title="closmormont" src="http://www.phusis.ch/vins/wp-content/uploads/2011/09/closmormont1-300x225.jpg" alt="" width="300" height="225" srcset="https://www.phusis.ch/vins/wp-content/uploads/2011/09/closmormont1-300x225.jpg 300w, https://www.phusis.ch/vins/wp-content/uploads/2011/09/closmormont1-1024x768.jpg 1024w, https://www.phusis.ch/vins/wp-content/uploads/2011/09/closmormont1.jpg 1200w" sizes="(max-width: 300px) 100vw, 300px" /></a>Colline calcaire, le Mormont se trouve entre la Venoge et l’Orbe, à cheval sur les communes de la Sarraz et d’Eclépens. Situé en plein milieu d’une faille géologique, le monticule s’est érigé lors de la formation de la chaîne du Jura. Fréquenté depuis le néolithique, il est le théâtre, à l’époque celtique, de cérémonies sacrées qui en faisait un mont des morts, d’où son nom. A moins que ce dernier ne vienne de <em>more </em>qui signifie tertre en gaulois…</p>
<p>Sur son coteau exposé au Sud-Ouest, il abrite un vignoble dont on retrouve mention en 814 déjà… A cette époque, la région dépend du couvent de Romainmôtier et fait partie de la Bourgogne transjurane.</p>
<p>La grande partie du vignoble est située en fin de coteau : c’est le vignoble du Château d’Eclépens. Au dessus, en haut de coteau, un petit parchet pentu et ceint de mûrs :  le Clos du Mormont, grand de 27 ares, exclusivement plantés en Pinot Noir. Le sol est constitué d’une fine couche de terre sur sous-sol de roche calcaire jaune, parfois quasiment affleurante.</p>

			<div style="clear: both; float: none;" class="ratepost-clear"></div>
			<div id="ratepost-879" class="ratepost" rel="3">
					<span class="rating3"><div class="star1" rel="1"></div><div class="star2" rel="2"></div><div class="star3" rel="3"></div><div class="star4" rel="4"></div><div class="star5" rel="5"></div></span>
				<div class="status-info"></div>
		</div><div style="clear: both; float: none;" class="ratepost-clear"></div>

<p>Colline calcaire, le Mormont se trouve entre la Venoge et l’Orbe, à cheval sur les communes de la Sarraz et d’Eclépens. Situé en plein milieu d’une faille géologique, le monticule s’est érigé lors de la formation de la chaîne du Jura. Fréquenté depuis le néolithique, il est le théâtre, à l’époque celtique, de cérémonies sacrées [&hellip;]</p>

<!-- This site is optimized with the Yoast SEO plugin v22.8 - https://yoast.com/wordpress/plugins/seo/ -->
<title>le clos du mormont - PHUSIS</title>
<meta name="robots" content="index, follow, max-snippet:-1, max-image-preview:large, max-video-preview:-1" />
<link rel="canonical" href="https://www.phusis.ch/vins/les-vignes/le-clos-du-mormont/" />
<meta property="og:locale" content="fr_FR" />
<meta property="og:type" content="article" />
<meta property="og:title" content="le clos du mormont - PHUSIS" />
<meta property="og:description" content="Colline calcaire, le Mormont se trouve entre la Venoge et l’Orbe, à cheval sur les communes de la Sarraz et d’Eclépens. Situé en plein milieu d’une faille géologique, le monticule s’est érigé lors de la formation de la chaîne du Jura. Fréquenté depuis le néolithique, il est le théâtre, à l’époque celtique, de cérémonies sacrées [&hellip;]" />
<meta property="og:url" content="https://www.phusis.ch/vins/les-vignes/le-clos-du-mormont/" />
<meta property="og:site_name" content="PHUSIS" />
<meta property="article:modified_time" content="2023-03-06T08:24:49+00:00" />
<meta property="og:image" content="http://www.phusis.ch/vins/wp-content/uploads/2011/09/closmormont1-300x225.jpg" />
<meta name="twitter:card" content="summary_large_image" />
<meta name="twitter:label1" content="Durée de lecture estimée" />
	<meta name="twitter:data1" content="1 minute" />
<script type="application/ld+json" class="yoast-schema-graph">{"@context":"https://schema.org","@graph":[{"@type":"WebPage","@id":"https://www.phusis.ch/vins/les-vignes/le-clos-du-mormont/","url":"https://www.phusis.ch/vins/les-vignes/le-clos-du-mormont/","name":"le clos du mormont - PHUSIS","isPartOf":{"@id":"http://www.phusis.ch/vins/#website"},"primaryImageOfPage":{"@id":"https://www.phusis.ch/vins/les-vignes/le-clos-du-mormont/#primaryimage"},"image":{"@id":"https://www.phusis.ch/vins/les-vignes/le-clos-du-mormont/#primaryimage"},"thumbnailUrl":"http://www.phusis.ch/vins/wp-content/uploads/2011/09/closmormont1-300x225.jpg","datePublished":"2011-09-08T18:09:45+00:00","dateModified":"2023-03-06T08:24:49+00:00","breadcrumb":{"@id":"https://www.phusis.ch/vins/les-vignes/le-clos-du-mormont/#breadcrumb"},"inLanguage":"fr-FR","potentialAction":[{"@type":"ReadAction","target":["https://www.phusis.ch/vins/les-vignes/le-clos-du-mormont/"]}]},{"@type":"ImageObject","inLanguage":"fr-FR","@id":"https://www.phusis.ch/vins/les-vignes/le-clos-du-mormont/#primaryimage","url":"http://www.phusis.ch/vins/wp-content/uploads/2011/09/closmormont1-300x225.jpg","contentUrl":"http://www.phusis.ch/vins/wp-content/uploads/2011/09/closmormont1-300x225.jpg"},{"@type":"BreadcrumbList","@id":"https://www.phusis.ch/vins/les-vignes/le-clos-du-mormont/#breadcrumb","itemListElement":[{"@type":"ListItem","position":1,"name":"Accueil","item":"http://www.phusis.ch/vins/"},{"@type":"ListItem","position":2,"name":"nos vignes","item":"https://www.phusis.ch/vins/les-vignes/"},{"@type":"ListItem","position":3,"name":"le clos du mormont"}]},{"@type":"WebSite","@id":"http://www.phusis.ch/vins/#website","url":"http://www.phusis.ch/vins/","name":"PHUSIS","description":"Phusis | Une expérience du vin","publisher":{"@id":"http://www.phusis.ch/vins/#organization"},"potentialAction":[{"@type":"SearchAction","target":{"@type":"EntryPoint","urlTemplate":"http://www.phusis.ch/vins/?s={search_term_string}"},"query-input":"required name=search_term_string"}],"inLanguage":"fr-FR"},{"@type":"Organization","@id":"http://www.phusis.ch/vins/#organization","name":"PHUSIS","url":"http://www.phusis.ch/vins/","logo":{"@type":"ImageObject","inLanguage":"fr-FR","@id":"http://www.phusis.ch/vins/#/schema/logo/image/","url":"https://www.phusis.ch/vins/wp-content/uploads/2021/06/Oiseau-PHUSIS-Transparent-1024x1024-1.png","contentUrl":"https://www.phusis.ch/vins/wp-content/uploads/2021/06/Oiseau-PHUSIS-Transparent-1024x1024-1.png","width":1024,"height":1024,"caption":"PHUSIS"},"image":{"@id":"http://www.phusis.ch/vins/#/schema/logo/image/"}}]}</script>
<!-- / Yoast SEO plugin. -->

Colline calcaire, le Mormont se trouve entre la Venoge et l’Orbe, à cheval sur les communes de la Sarraz et d’Eclépens. Situé en plein milieu d’une faille géologique, le monticule s’est érigé lors de la formation de la chaîne du Jura. Fréquenté depuis le néolithique, il est le théâtre, à l’époque celtique, de cérémonies sacrées [&hellip;]

Phusis | Une expérience du vin
